{"id":10824,"date":"2017-08-07T10:55:53","date_gmt":"2017-08-07T08:55:53","guid":{"rendered":"http:\/\/www.icsiniscola2.edu.it\/?page_id=10824"},"modified":"2017-09-01T12:56:51","modified_gmt":"2017-09-01T10:56:51","slug":"laboratorio-il-giardino-dei-pensieri","status":"publish","type":"page","link":"https:\/\/www.icsiniscola2.edu.it\/laboratorio-il-giardino-dei-pensieri\/","title":{"rendered":"Laboratorio &#8220;Il giardino dei pensieri&#8221;"},"content":{"rendered":"<p><a href=\"http:\/\/www.icsiniscola2.edu.it\/progetti-di-istituto-2016-2017\/\"><img decoding=\"async\" loading=\"lazy\" class=\"aligncenter wp-image-10886\" src=\"http:\/\/www.icsiniscola2.edu.it\/wp-content\/uploads\/2017\/08\/torna-a-progetti-di-istituto-300x137.jpg\" alt=\"torna a progetti di istituto\" width=\"141\" height=\"64\" srcset=\"https:\/\/www.icsiniscola2.edu.it\/wp-content\/uploads\/2017\/08\/torna-a-progetti-di-istituto-300x137.jpg 300w, https:\/\/www.icsiniscola2.edu.it\/wp-content\/uploads\/2017\/08\/torna-a-progetti-di-istituto-180x82.jpg 180w, https:\/\/www.icsiniscola2.edu.it\/wp-content\/uploads\/2017\/08\/torna-a-progetti-di-istituto.jpg 433w\" sizes=\"(max-width: 141px) 100vw, 141px\" \/><\/a><br \/>\n<strong><em>Regione Autonoma della Sardegna<\/em><\/strong><\/p>\n<p><strong>Progetto \u201cTutti a iscol@\u201d <\/strong><\/p>\n<p><strong>Anno Scolastico 2016-2017 <\/strong><\/p>\n<p><strong>Linea B1 &#8211; Laboratorio didattico extracurricolare<\/strong><\/p>\n<p><strong><em>\u00a0<\/em><\/strong><\/p>\n<p>Ambito tematico: <strong><em>Area identit\u00e0 territoriale, paesaggio, promozione turistica. <\/em><\/strong><em>Leggere il paesaggio attraverso i 5 sensi: vista, tatto, udito, olfatto e gusto. Il laboratorio promuove un percorso educativo incentrato sulla conoscenza del territorio locale e regionale. <\/em><em>Gli studenti, potranno individuare gli elementi caratterizzanti il proprio paesaggio attraverso l\u2019esplorazione dei 5 sensi.<\/em><\/p>\n<p><strong>\u00a0<\/strong><\/p>\n<p>Titolo del laboratorio: <em>Educazione Sensoriale ed Ambientale:<\/em> <strong>Il giardino dei pensieri. <\/strong><\/p>\n<p>Destinatari dell\u2019intervento: <strong>Classi 4^A e 4^B <\/strong>della Scuola primaria del plesso di <strong>Sa Sedda.<\/strong><\/p>\n<p>Finalit\u00e0:<em> l\u2019attivit\u00e0 progettuale, che prevede l\u2019apertura delle scuole al di fuori dell\u2019orario in cui si svolge l\u2019ordinaria attivit\u00e0 didattica, \u00e8 finalizzata a migliorare l\u2019offerta formativa extracurricolare, le competenze trasversali e l\u2019inclusione scolastica degli studenti attraverso forma di didattica laboratoriale al fine di contrastare il fenomeno della dispersione scolastica.<\/em><\/p>\n<p>Obiettivi: <em>Sensibilizzare gli alunni al rispetto dell\u2019ambiente<\/em>.\u00a0 <em>Approfondire la conoscenza del proprio territorio anche attraverso l\u2019uso dei cinque sensi; apprendere un metodo con cui analizzare i processi naturali e culturali che hanno originato quel luogo. <\/em><\/p>\n<p>Metodologia: <em>Esperienziale. Educazione naturalistica, ecologica e ambientale. Interpretazione ambientale. Didattica ambientale: approccio sistemico, punti di vista, didattica attiva, educatore che guida alla costruzione autonoma della conoscenza, interdisciplinarit\u00e0, reti concettuali, rapporto con il territorio, sperimentazione, innovazione curricolare, creativit\u00e0, responsabilit\u00e0, autonomia, cooperazione, valutazione delle conoscenze e delle abilit\u00e0.<\/em><\/p>\n<p>Attivit\u00e0 laboratoriali:<\/p>\n<ul>\n<li><strong><em>1^ fase: Il percorso dei cinque sensi<\/em><\/strong><\/li>\n<\/ul>\n<p><em>\u00a0 Scoperta dei propri sensi attraverso la visita di particolari luoghi del proprio territorio. <\/em><\/p>\n<ul>\n<li><strong><em>2^ fase: Progettazione del giardino dei pensieri<\/em><\/strong><\/li>\n<\/ul>\n<p><em>Approfondimento di tutti i processi naturali e culturali che hanno agito in quel luogo anche attraverso interviste agli anziani del paese; successiva scrittura di brevi pensieri che esprimono l\u2019essenza del luogo o che guidano il visitatore verso un\u2019esperienza sensoriale.<\/em><\/p>\n<ul>\n<li><strong><em>3^ fase: Realizzazione del giardino dei pensieri<\/em><\/strong><\/li>\n<\/ul>\n<p><em>\u00a0 Realizzazione materiale delle tavolette da posizionare lungo il percorso del giardino.<\/em><\/p>\n<p>&nbsp;<\/p>\n<p>Produzione finale:<em> Progettazione e realizzazione di xilografie con brevi pensieri che esprimono l\u2019essenza del luogo e guidano il visitatore verso l\u2019esperienza sensoriale.<\/em><\/p>\n<p>Responsabili incaricati:<em> <strong>Associazione LEA Hydromantes Culturale<\/strong>. <\/em><\/p>\n<p>Tutor d\u2019aula<em>: \u00a0<strong>Pilosu Franca<\/strong> e <strong>Scanu Mariella<\/strong>.<\/em><\/p>\n<p>&nbsp;<\/p>\n<h4><strong>Link ai video<\/strong>:<\/h4>\n<ul style=\"list-style-type: disc;\">\n<li><a href=\"https:\/\/youtu.be\/TmIIAQ_flNM\">Il Giardino dei pensieri &#8211; Video finale<\/a><\/li>\n<li><a href=\"https:\/\/youtu.be\/fViZMmNwZTY\">Gana &#8216;e Gortoe<\/a><\/li>\n<li><a href=\"https:\/\/youtu.be\/ic6ffFAnQgw\">La Madonnina<\/a><\/li>\n<li><a href=\"https:\/\/youtu.be\/hNKhXa58lgE\">Sa Untana &#8211; Il vecchio lavatoio<\/a><\/li>\n<\/ul>\n","protected":false},"excerpt":{"rendered":"<p>Regione Autonoma della Sardegna Progetto \u201cTutti a iscol@\u201d Anno Scolastico 2016-2017 Linea B1 &#8211; Laboratorio didattico extracurricolare \u00a0 Ambito tematico: Area identit\u00e0 territoriale, paesaggio, promozione turistica. Leggere il paesaggio attraverso i 5 sensi: vista, tatto, udito, olfatto e gusto. Il laboratorio promuove un percorso educativo incentrato sulla conoscenza del territorio locale e regionale. Gli studenti,&nbsp; &nbsp; <a class=\"moretag\" href=\"https:\/\/www.icsiniscola2.edu.it\/laboratorio-il-giardino-dei-pensieri\/\" title=\"Leggi l&#180;intero articolo\">&raquo;<\/a><\/p>\n","protected":false},"author":1,"featured_media":0,"parent":0,"menu_order":0,"comment_status":"closed","ping_status":"closed","template":"","meta":[],"_links":{"self":[{"href":"https:\/\/www.icsiniscola2.edu.it\/wp-json\/wp\/v2\/pages\/10824"}],"collection":[{"href":"https:\/\/www.icsiniscola2.edu.it\/wp-json\/wp\/v2\/pages"}],"about":[{"href":"https:\/\/www.icsiniscola2.edu.it\/wp-json\/wp\/v2\/types\/page"}],"author":[{"embeddable":true,"href":"https:\/\/www.icsiniscola2.edu.it\/wp-json\/wp\/v2\/users\/1"}],"replies":[{"embeddable":true,"href":"https:\/\/www.icsiniscola2.edu.it\/wp-json\/wp\/v2\/comments?post=10824"}],"version-history":[{"count":8,"href":"https:\/\/www.icsiniscola2.edu.it\/wp-json\/wp\/v2\/pages\/10824\/revisions"}],"predecessor-version":[{"id":11107,"href":"https:\/\/www.icsiniscola2.edu.it\/wp-json\/wp\/v2\/pages\/10824\/revisions\/11107"}],"wp:attachment":[{"href":"https:\/\/www.icsiniscola2.edu.it\/wp-json\/wp\/v2\/media?parent=10824"}],"curies":[{"name":"wp","href":"https:\/\/api.w.org\/{rel}","templated":true}]}}