{"id":10935,"date":"2017-08-18T16:48:53","date_gmt":"2017-08-18T14:48:53","guid":{"rendered":"http:\/\/www.icsiniscola2.edu.it\/?page_id=10935"},"modified":"2017-09-05T06:14:05","modified_gmt":"2017-09-05T04:14:05","slug":"progetto-io-leggo-perche","status":"publish","type":"page","link":"https:\/\/www.icsiniscola2.edu.it\/progetto-io-leggo-perche\/","title":{"rendered":"Progetto &#8220;Io leggo perch\u00e8&#8221;"},"content":{"rendered":"<p><a href=\"http:\/\/www.icsiniscola2.edu.it\/progetti-di-istituto-2016-2017\/\"><img decoding=\"async\" loading=\"lazy\" class=\"aligncenter wp-image-10941\" src=\"http:\/\/www.icsiniscola2.edu.it\/wp-content\/uploads\/2017\/08\/torna-a-progetti-di-istituto-1-300x137.jpg\" alt=\"torna a progetti di istituto\" width=\"141\" height=\"64\" srcset=\"https:\/\/www.icsiniscola2.edu.it\/wp-content\/uploads\/2017\/08\/torna-a-progetti-di-istituto-1-300x137.jpg 300w, https:\/\/www.icsiniscola2.edu.it\/wp-content\/uploads\/2017\/08\/torna-a-progetti-di-istituto-1-180x82.jpg 180w, https:\/\/www.icsiniscola2.edu.it\/wp-content\/uploads\/2017\/08\/torna-a-progetti-di-istituto-1.jpg 433w\" sizes=\"(max-width: 141px) 100vw, 141px\" \/><\/a><\/p>\n<p><strong><em>\u00a0<\/em><\/strong>L\u2019Istituto Comprensivo n\u00b02 \u201cAlbino Bernardini\u201d di Siniscola, ha aderito all\u2019iniziativa nazionale di promozione della lettura denominata \u201c<strong>Io leggo perch\u00e9\u2026\u201d<\/strong>, organizzata dall<strong>\u2019A.I.E<\/strong>. (Associazione Italiana Editori) con il patrocinio del <strong>Ministero dei beni e delle attivit\u00e0 culturali e del turismo <\/strong>e del<strong> Ministero dell\u2019Istruzione, dell\u2019Universit\u00e0 e della Ricerca<\/strong><\/p>\n<p>La scelta di aderire all\u2019iniziativa nazionale \u201c<strong><em>Io leggo perch\u00e9\u201d<\/em><\/strong> \u00e8 stata dettata dalla consapevolezza della necessit\u00e0 di dare un respiro pi\u00f9 ampio al progetto di promozione della lettura\u00a0 del nostro Istituto <strong><em>\u201cTrecento in bando\u201d<\/em><\/strong><strong><em>,<\/em><\/strong> coinvolgendo alcuni degli attori sociali che possono contribuire alla sua realizzazione. L\u2019iniziativa ha consentito da un lato, di porre in essere il <strong>\u201c<em>Patto locale per la lettura\u201d<\/em><\/strong> concordato con <strong>alcuni librai<\/strong> della citt\u00e0\u00a0 per promuovere il piacere della lettura anche in spazi extrascolastici quali le cartolibrerie e rendere l\u2019esercizio del leggere un\u2019abitudine sociale diffusa e riconosciuta, e dall\u2019altro, di \u201caprire\u201d alla comunit\u00e0,\u00a0 chiedendone il contributo fattivo per ampliare e rinnovare il patrimonio librario delle biblioteche scolastiche della nostra scuola.<\/p>\n<p>&nbsp;<\/p>\n<p>Il progetto ha coinvolto per un\u2019ora ciascuna tutte le <strong>classi <\/strong>del plesso di Sa Sedda e le classi 4^A, 5^A e 5^B di La Caletta guidate dalle <strong>insegnanti<\/strong> Cara M. Grazia, che \u00e8 anche la referente d\u2019istituto, Carta Maria, Deiana Luciana, Goddi M. Antonietta, Loddo M. Teresa, Madeddu Silvia, Massaiu Paola, Murru Silvana, Musio Caterina, Ortu Rosaria, Pilosu Franca, Pintus Michelina, Umana Grazia. Hanno collaborato le <strong>bibliotecarie<\/strong> del Sistema Bibliotecario Urbano del Comune di Siniscola e l\u2019Assessorato alla Cultura e alla Pubblica Istruzione del Comune di Siniscola.<\/p>\n<p><img decoding=\"async\" loading=\"lazy\" class=\"aligncenter size-medium wp-image-10936\" src=\"http:\/\/www.icsiniscola2.edu.it\/wp-content\/uploads\/2017\/08\/IO-LEGGO-PERCHe-BERNARDINI-203x300.png\" alt=\"IO LEGGO PERCH\u00e8 BERNARDINI\" width=\"203\" height=\"300\" srcset=\"https:\/\/www.icsiniscola2.edu.it\/wp-content\/uploads\/2017\/08\/IO-LEGGO-PERCHe-BERNARDINI-203x300.png 203w, https:\/\/www.icsiniscola2.edu.it\/wp-content\/uploads\/2017\/08\/IO-LEGGO-PERCHe-BERNARDINI-180x265.png 180w, https:\/\/www.icsiniscola2.edu.it\/wp-content\/uploads\/2017\/08\/IO-LEGGO-PERCHe-BERNARDINI.png 619w\" sizes=\"(max-width: 203px) 100vw, 203px\" \/><\/p>\n<p>Questi gli obiettivi previsti dal progetto:<\/p>\n<ol>\n<li>Promuovere il piacere della lettura, anche in spazi extrascolastici;<\/li>\n<li>Rendere la lettura un\u2019abitudine sociale diffusa e riconosciuta;<\/li>\n<li>Coinvolgere la Comunit\u00e0 tutta nelle attivit\u00e0 di promozione della lettura;<\/li>\n<li>Ampliare il patrimonio librario delle biblioteche scolastiche dell\u2019Istituto;<\/li>\n<li>Porre in essere \u201cIl patto locale per la lettura\u201d concordato con alcuni librai della citt\u00e0.<\/li>\n<\/ol>\n<p>Nella settimana dal <strong>22 <\/strong>al<strong> 30 ottobre<\/strong>, nelle librerie aderenti all\u2019iniziativa \u00e8 stato possibile acquistare dei libri da donare alle scuole gemellate. A loro volta gli editori hanno raddoppiato i libri acquistati, mettendo a disposizione degli Istituti Scolastici che hanno aderito al progetto un numero di volumi pari a quelli acquistati, consentendo cos\u00ec di ampliare il patrimonio librario delle biblioteche scolastiche.<\/p>\n<p><strong>Le librerie\u00a0 gemellate<\/strong> con l\u2019Istituto Comprensivo n\u00b0 2 \u201cAlbino Bernardini\u201d, sono state: la cartolibreria <strong>Ceralacca<\/strong> di La Caletta e le cartolibrerie <strong>Giumar<\/strong> e <strong>Paper Shop<\/strong> di Siniscola, presso le quali i cittadini sono stati invitai ad acquistare dei libri\u00a0 da donare alla scuola Primaria e Secondaria di I grado sui quali si poteva scrivere liberamente una dedica con l\u2019apertura \u201cIo leggo perch\u00e9..\u201d. Queste librerie hanno ospitato iniziative ed eventi legati al mondo dei libri, quali percorsi di lettura animata, giochi e laboratori di vario genere tenuti dalle bibliotecarie del sistema bibliotecario di Siniscola \u201cGrazia Deledda\u201d.<\/p>\n<p>Grazie alle donazioni dei cittadini e degli editori, il patrimonio librario delle biblioteche scolastiche della nostra scuola \u00e8 stato incrementato di un totale di <strong>137 nuovi volumi<\/strong>, alcuni dei quali sono serviti per dare vita, all\u2019interno della biblioteca del plesso di Sa Sedda, ad una sezione narrativa dedicata ai ragazzi della Secondaria di I grado.<\/p>\n<p><strong>Il link al sito nazionale<\/strong>:\u00a0 <a href=\"http:\/\/www.ioleggoperche.it\/it\/home\/\">http:\/\/www.ioleggoperche.it\/it\/home\/<\/a><\/p>\n<p><a href=\"http:\/\/www.ioleggoperche.it\/it\/ioleggoperche\/progetto\/\">http:\/\/www.ioleggoperche.it\/it\/ioleggoperche\/progetto<\/a>\/<\/p>\n<p><strong>Il link al report dei risultati del progetto a livello nazionale<\/strong>:<\/p>\n<p><a href=\"http:\/\/www.aie.it\/Press\/Leggiilcomunicato.aspx?IDUNI=nawjs3c2i4rbs51ev2py0bd54258&amp;MDId=10600&amp;RAE=10645;1;102-71-2007.3.16;102-2220-2016.11.10;-1;102;&amp;Skeda=MODIF102-2220-2016.11.10\">http:\/\/www.aie.it\/Press\/Leggiilcomunicato.aspx?IDUNI=nawjs3c2i4rbs51ev2py0bd54258&amp;MDId=10600&amp;RAE=10645;1;102-71-2007.3.16;102-2220-2016.11.10;-1;102;&amp;Skeda=MODIF102-2220-2016.11.10<\/a><\/p>\n","protected":false},"excerpt":{"rendered":"<p>\u00a0L\u2019Istituto Comprensivo n\u00b02 \u201cAlbino Bernardini\u201d di Siniscola, ha aderito all\u2019iniziativa nazionale di promozione della lettura denominata \u201cIo leggo perch\u00e9\u2026\u201d, organizzata dall\u2019A.I.E. (Associazione Italiana Editori) con il patrocinio del Ministero dei beni e delle attivit\u00e0 culturali e del turismo e del Ministero dell\u2019Istruzione, dell\u2019Universit\u00e0 e della Ricerca La scelta di aderire all\u2019iniziativa nazionale \u201cIo leggo perch\u00e9\u201d&nbsp; &nbsp; <a class=\"moretag\" href=\"https:\/\/www.icsiniscola2.edu.it\/progetto-io-leggo-perche\/\" title=\"Leggi l&#180;intero articolo\">&raquo;<\/a><\/p>\n","protected":false},"author":1,"featured_media":0,"parent":0,"menu_order":0,"comment_status":"closed","ping_status":"closed","template":"","meta":[],"_links":{"self":[{"href":"https:\/\/www.icsiniscola2.edu.it\/wp-json\/wp\/v2\/pages\/10935"}],"collection":[{"href":"https:\/\/www.icsiniscola2.edu.it\/wp-json\/wp\/v2\/pages"}],"about":[{"href":"https:\/\/www.icsiniscola2.edu.it\/wp-json\/wp\/v2\/types\/page"}],"author":[{"embeddable":true,"href":"https:\/\/www.icsiniscola2.edu.it\/wp-json\/wp\/v2\/users\/1"}],"replies":[{"embeddable":true,"href":"https:\/\/www.icsiniscola2.edu.it\/wp-json\/wp\/v2\/comments?post=10935"}],"version-history":[{"count":4,"href":"https:\/\/www.icsiniscola2.edu.it\/wp-json\/wp\/v2\/pages\/10935\/revisions"}],"predecessor-version":[{"id":11122,"href":"https:\/\/www.icsiniscola2.edu.it\/wp-json\/wp\/v2\/pages\/10935\/revisions\/11122"}],"wp:attachment":[{"href":"https:\/\/www.icsiniscola2.edu.it\/wp-json\/wp\/v2\/media?parent=10935"}],"curies":[{"name":"wp","href":"https:\/\/api.w.org\/{rel}","templated":true}]}}