{"id":19929,"date":"2022-06-27T16:55:04","date_gmt":"2022-06-27T14:55:04","guid":{"rendered":"https:\/\/www.icsiniscola2.edu.it\/?page_id=19929"},"modified":"2022-06-27T17:15:49","modified_gmt":"2022-06-27T15:15:49","slug":"attivita-e-progetti-scuola-secondaria-di-1-grado-2","status":"publish","type":"page","link":"https:\/\/www.icsiniscola2.edu.it\/attivita-e-progetti-scuola-secondaria-di-1-grado-2\/","title":{"rendered":"Attivit\u00e0 e progetti Scuola Secondaria di 1^ grado"},"content":{"rendered":"<p><strong>VISITA ALLA SCUOLA CIVICA M E A<\/strong><\/p>\n<p>L\u2019esigenza di far conoscere la scuola civica di musica agli alunni della scuola secondaria nasce da un\u2019idea della<br \/>\nProf ssa Satta, fermamente convinta che l\u2019attivit\u00e0 didattica debba essere ampliata anche al di fuori delle mura<br \/>\nscolastiche, promuovendo altres\u00ec la collaborazione con gli enti culturali del territorio comunale.<\/p>\n<p><strong><a href=\"https:\/\/www.icsiniscola2.edu.it\/wp-content\/uploads\/2022\/06\/Visita-alla-scuola-civica-mea.pdf\">Visita alla scuola civica <span style=\"color: #800080;\">M<\/span><span style=\"color: #ff6600;\">E<\/span><span style=\"color: #ffcc00;\">A<\/span><\/a> <\/strong>PDF<\/p>\n<p>&nbsp;<\/p>\n<p><strong>LABORATORIO DI REALIZZAZIONE DI STRUMENTI MUSICALI CON MATERIALI DI RICICLO<\/strong><\/p>\n<p>La Prof.ssa Valentina Satta e la Prof.ssa Angela Sedda hanno aiutato i ragazzi\u00a0 a costruire strumenti musicali<br \/>\nriutilizzando oggetti e materiali destinati ad essere scartati e buttati via (tubi di cartone, di canna e di plastica, vasi, barattoli, scatole di latta, di legno, tappi a corona, lattine, eccetera).<br \/>\nGli strumenti costruiti sono, nella gran parte dei casi, strumenti veri e propri, e sono quindi fatti per essere utilizzati realmente nella produzione di musica.<br \/>\nLa finalit\u00e0 principale \u00e8 stata quella di sperimentare le possibilit\u00e0 nascoste dei materiali di scarto, e mostrare cos\u00ec che l&#8217;ecologia, la consapevolezza dei problemi ambientali non \u00e8 una teoria astratta o un discorso, ma un\u2019azione concreta, una prassi possibile.<\/p>\n<p><a href=\"https:\/\/www.icsiniscola2.edu.it\/wp-content\/uploads\/2022\/06\/Laboratorio-strumenti-musicali-slide.pdf\"><strong>Laboratorio strumenti musicali slide<\/strong><\/a> PDF<\/p>\n<p>&nbsp;<\/p>\n<p><strong>LABORATORIO DI CANTO, RITMICA E BODY PERCUSSION\u00a0<\/strong><\/p>\n<p>Il progetto della Prof. ssa Satta nasce dall\u2019esigenza di coinvolgere gli alunni della Scuola Secondaria al fine di realizzare un repertorio corale\/strumentale ed un&#8217;eventuale performance finale. L\u2019attivit\u00e0 didattica ha seguito gli orientamenti base della propedeutica musicale secondo i quali l&#8217;educazione al suono e alla musica sono via privilegiata allo sviluppo della sensibilit\u00e0 e capacit\u00e0 di comunicazione nell&#8217;ambito della formazione globale di ogni individuo. Gli alunni hanno imparato a conoscere il mondo musicale vivendo in prima persona che cos\u2019\u00e8 la<br \/>\nmusica: attraverso giochi e attivit\u00e0 stimolanti che coinvolgano il corpo.<\/p>\n<p><strong><a href=\"https:\/\/www.icsiniscola2.edu.it\/wp-content\/uploads\/2022\/06\/Laboratorio-di-body-percussion.pdf\">Laboratorio di body percussion <\/a>PDF<\/strong><\/p>\n","protected":false},"excerpt":{"rendered":"<p>VISITA ALLA SCUOLA CIVICA M E A L\u2019esigenza di far conoscere la scuola civica di musica agli alunni della scuola secondaria nasce da un\u2019idea della Prof ssa Satta, fermamente convinta che l\u2019attivit\u00e0 didattica debba essere ampliata anche al di fuori delle mura scolastiche, promuovendo altres\u00ec la collaborazione con gli enti culturali del territorio comunale. Visita&nbsp; &nbsp; <a class=\"moretag\" href=\"https:\/\/www.icsiniscola2.edu.it\/attivita-e-progetti-scuola-secondaria-di-1-grado-2\/\" title=\"Leggi l&#180;intero articolo\">&raquo;<\/a><\/p>\n","protected":false},"author":23,"featured_media":0,"parent":0,"menu_order":0,"comment_status":"closed","ping_status":"closed","template":"","meta":[],"_links":{"self":[{"href":"https:\/\/www.icsiniscola2.edu.it\/wp-json\/wp\/v2\/pages\/19929"}],"collection":[{"href":"https:\/\/www.icsiniscola2.edu.it\/wp-json\/wp\/v2\/pages"}],"about":[{"href":"https:\/\/www.icsiniscola2.edu.it\/wp-json\/wp\/v2\/types\/page"}],"author":[{"embeddable":true,"href":"https:\/\/www.icsiniscola2.edu.it\/wp-json\/wp\/v2\/users\/23"}],"replies":[{"embeddable":true,"href":"https:\/\/www.icsiniscola2.edu.it\/wp-json\/wp\/v2\/comments?post=19929"}],"version-history":[{"count":7,"href":"https:\/\/www.icsiniscola2.edu.it\/wp-json\/wp\/v2\/pages\/19929\/revisions"}],"predecessor-version":[{"id":19940,"href":"https:\/\/www.icsiniscola2.edu.it\/wp-json\/wp\/v2\/pages\/19929\/revisions\/19940"}],"wp:attachment":[{"href":"https:\/\/www.icsiniscola2.edu.it\/wp-json\/wp\/v2\/media?parent=19929"}],"curies":[{"name":"wp","href":"https:\/\/api.w.org\/{rel}","templated":true}]}}