{"id":83,"date":"2009-04-22T22:41:06","date_gmt":"2009-04-22T20:41:06","guid":{"rendered":"http:\/\/www.scuolacooperativa.net\/wordpress\/?page_id=83"},"modified":"2016-02-27T17:05:17","modified_gmt":"2016-02-27T16:05:17","slug":"organizzazione","status":"publish","type":"page","link":"https:\/\/www.icsiniscola2.edu.it\/listituto\/la-scuola-2\/organizzazione\/","title":{"rendered":"Organizzazione"},"content":{"rendered":"<h3><span style=\"color: #000080;\"><strong>L\u2019Istituto Comprensivo<\/strong>:<\/span><\/h3>\n<ul>\n<li><span style=\"color: #000080;\">aggrega il I ciclo di istruzione\u00a0 (la scuola dell\u2019<strong>Infanzia<\/strong>, la scuola <strong>Primaria<\/strong> e la <strong>Scuola secondaria<\/strong> di <strong>primo grado<\/strong>).<\/span><\/li>\n<li><span style=\"color: #000080;\">Persegue il fine di migliorare e rendere pi\u00f9 coerente il progetto formativo rivolto agli alunni dai 3 ai 14 anni, infatti i tre gradi scolastici, pur continuando a funzionare distintamente, condividono lo stesso orizzonte educativo.<\/span><\/li>\n<li><span style=\"color: #000080;\">Sul piano pedagogico, la scuola organizzata secondo il modello di Istituto Comprensivo, consente il confronto continuo tra i docenti dei tre gradi di scuola al fine di agevolare il passaggio da un livello scolastico all\u2019altro, di impostare progetti di studio comuni, di valorizzare gli interessi e le attitudini particolari dei ragazzi, soprattutto, permette di concentrarsi sui passaggi strategici (ad esempio, tra scuola dell\u2019Infanzia e scuola Primaria, tra la classe 5^ primaria e la 1^ della secondaria), per favorire la progressiva conquista dell\u2019autonomia degli allievi in alcune competenze di base. Ma, al di l\u00e0 del miglioramento dei raccordi nei bienni di passaggio, nell\u2019istituto si possono gettare le basi per la costruzione di piani di studio verticalizzati, finalizzati ad una migliore qualit\u00e0 degli apprendimenti.<\/span><\/li>\n<li><span style=\"color: #000080;\">L\u2019Istituto Comprensivo Siniscola 2 si qualifica come scuola del territorio, perch\u00e9 pu\u00f2 dialogare pi\u00f9 intensamente con gli enti locali, le associazioni, le famiglie, il volontariato, gli istituti culturali, affinch\u00e9 tutti questi soggetti contribuiscano ad arricchire l\u2019offerta formativa della scuola.<\/span><\/li>\n<\/ul>\n<p><span style=\"color: #000080;\">\u00a0<\/span><\/p>\n","protected":false},"excerpt":{"rendered":"<p>L\u2019Istituto Comprensivo: aggrega il I ciclo di istruzione\u00a0 (la scuola dell\u2019Infanzia, la scuola Primaria e la Scuola secondaria di primo grado). Persegue il fine di migliorare e rendere pi\u00f9 coerente il progetto formativo rivolto agli alunni dai 3 ai 14 anni, infatti i tre gradi scolastici, pur continuando a funzionare distintamente, condividono lo stesso orizzonte&nbsp; &nbsp; <a class=\"moretag\" href=\"https:\/\/www.icsiniscola2.edu.it\/listituto\/la-scuola-2\/organizzazione\/\" title=\"Leggi l&#180;intero articolo\">&raquo;<\/a><\/p>\n","protected":false},"author":4,"featured_media":0,"parent":7017,"menu_order":1,"comment_status":"open","ping_status":"open","template":"","meta":[],"_links":{"self":[{"href":"https:\/\/www.icsiniscola2.edu.it\/wp-json\/wp\/v2\/pages\/83"}],"collection":[{"href":"https:\/\/www.icsiniscola2.edu.it\/wp-json\/wp\/v2\/pages"}],"about":[{"href":"https:\/\/www.icsiniscola2.edu.it\/wp-json\/wp\/v2\/types\/page"}],"author":[{"embeddable":true,"href":"https:\/\/www.icsiniscola2.edu.it\/wp-json\/wp\/v2\/users\/4"}],"replies":[{"embeddable":true,"href":"https:\/\/www.icsiniscola2.edu.it\/wp-json\/wp\/v2\/comments?post=83"}],"version-history":[{"count":6,"href":"https:\/\/www.icsiniscola2.edu.it\/wp-json\/wp\/v2\/pages\/83\/revisions"}],"predecessor-version":[{"id":8920,"href":"https:\/\/www.icsiniscola2.edu.it\/wp-json\/wp\/v2\/pages\/83\/revisions\/8920"}],"up":[{"embeddable":true,"href":"https:\/\/www.icsiniscola2.edu.it\/wp-json\/wp\/v2\/pages\/7017"}],"wp:attachment":[{"href":"https:\/\/www.icsiniscola2.edu.it\/wp-json\/wp\/v2\/media?parent=83"}],"curies":[{"name":"wp","href":"https:\/\/api.w.org\/{rel}","templated":true}]}}