{"id":14867,"date":"2018-02-20T19:36:35","date_gmt":"2018-02-20T19:36:35","guid":{"rendered":"http:\/\/www.comprensivo1portotorres.edu.it\/?page_id=14867"},"modified":"2018-02-20T21:15:42","modified_gmt":"2018-02-20T21:15:42","slug":"regolamento-libri-in-comodato-duso","status":"publish","type":"page","link":"https:\/\/www.comprensivo1portotorres.edu.it\/regolamento-libri-in-comodato-duso\/","title":{"rendered":"Regolamento libri in comodato d&#8217;uso."},"content":{"rendered":"<p style=\"text-align: center;\"><strong>REGOLAMENTO LIBRI IN COMODATO D\u2019USO<\/strong><\/p>\n<p>&nbsp;<\/p>\n<p style=\"text-align: center;\"><strong>(Approvato nella seduta del Consiglio di Istituto del 19 gennaio 2018) <\/strong><\/p>\n<p><strong>&nbsp;<\/strong><\/p>\n<p style=\"text-align: center;\"><strong>IL CONSIGLIO D\u2019ISTITUTO<\/strong><\/p>\n<p>&nbsp;<\/p>\n<p style=\"text-align: justify;\"><strong>VISTO <\/strong>l\u2019art. 3, comma 2 della Costituzione della Repubblica Italiana che stabilisce che la Repubblica deve intervenire per rimuovere gli ostacoli di ordine economico e sociale, che, limitando di fatto la libert\u00e0 e l\u2019eguaglianza dei cittadini, impediscono il pieno sviluppo della persona umana;<\/p>\n<p style=\"text-align: justify;\"><strong>VISTO <\/strong>l\u2019art. 34 della Costituzione della Repubblica Italiana che assicura che capaci e meritevoli, anche se privi di mezzi, hanno diritto di raggiungere i gradi pi\u00f9 alti degli studi;<\/p>\n<p style=\"text-align: justify;\"><strong>VISTO <\/strong>la Legge 23 dicembre 1998, n. 448 ed in particolare l\u2019art. 27 relativo alla fornitura gratuita, totale o parziale, dei libri di testo a favore degli alunni meno abbienti delle scuole dell\u2019obbligo e secondarie superiori;<\/p>\n<p style=\"text-align: justify;\"><strong>VISTO <\/strong>il DI dell\u20191 Febbraio 2001, n. 44, come recepito dal DA del 31 Dicembre 2001, n. 895 ed in particolare l\u2019art. 39, sulla facolt\u00e0 della istituzione scolastica di concedere, in uso gratuito, libri o altri beni, per assicurare il diritto allo studio;<\/p>\n<p style=\"text-align: justify;\"><strong>VISTO <\/strong>la Circolare Ministeriale del 10 Febbraio 2009, n. 16, che prevede espressamente che nell&#8217;ambito della propria autonomia le istituzioni scolastiche possono concedere, in relazione ai fondi resi disponibili, in comodato d&#8217;uso gratuito i libri di testo agli studenti;<\/p>\n<p style=\"text-align: justify;\"><strong>EMANA<\/strong><\/p>\n<p style=\"text-align: justify;\">Il seguente regolamento per la gestione del comodato d\u2019uso dei libri di testo a favore degli allievi che facciano richiesta.<\/p>\n<p><strong>&nbsp;<\/strong><\/p>\n<p><strong>Art. 1 &#8211; Destinatari<\/strong><\/p>\n<p>Nell\u2019anno scolastico 2017\/18, saranno messi a disposizione per il comodato d\u2019uso&nbsp; i libri che verranno acquistati per il prestito agli alunni delle&nbsp; classi&nbsp; prime della scuola secondaria di 1\u00b0 grado.<\/p>\n<p>&nbsp;<\/p>\n<p><strong>Art. 2 \u2013 Modalit\u00e0 di richiesta<\/strong><\/p>\n<p style=\"text-align: justify;\">Le famiglie hanno facolt\u00e0 di presentare la domanda alle condizioni previste del Presente Regolamento;&nbsp;l\u2019eventuale rinuncia successiva dopo l\u2019attribuzione dovr\u00e0 essere inoltrata per iscritto da parte del genitore.&nbsp;Alla domanda su modello predisposto, a disposizione negli uffici, dovr\u00e0 essere allegata la seguente&nbsp;documentazione:<\/p>\n<p>-Certificazione I.S.E.E, rilasciata dagli organi competenti (INPS), attestante il reddito complessivo del&nbsp;nucleo familiare relativo.<\/p>\n<p>&nbsp;<\/p>\n<p><strong>Art. 3\u2013Modalit\u00e0 di assegnazione<\/strong><\/p>\n<p style=\"text-align: justify;\">I libri saranno attribuiti agli alunni sulla base di una graduatoria appositamente formulata&nbsp; sulla base del reddito.&nbsp;Per la formulazione della graduatoria \u00e8 necessario presentare il certificato ISEE NUOVO entro e non oltre il 30 settembre&nbsp; dell\u2019anno in corso. Qualora non si rispettasse &nbsp;tale termine, le istanze corredate da DSU (dichiarazione sostitutiva unica) saranno messe in coda. Far\u00e0 fede il protocollo di arrivo.<\/p>\n<p>&nbsp;<\/p>\n<ol>\n<li>in relazione al certificato ISEE saranno assegnati i punti nel modo seguente:<\/li>\n<\/ol>\n<ul>\n<li>da zero a \u20ac 2.000,00 punti 10<\/li>\n<li>da 2.000,01 a \u20ac 4.500,00 punti 9<\/li>\n<li>da 4.500,01 a \u20ac 6.500,00 punti 8<\/li>\n<li>da 6.500,01 a \u20ac 8.500,00 punti 7<\/li>\n<li>da 8.500,01 a \u20ac 10.000,00 punti 6<\/li>\n<li>da 10.000,01 a \u20ac 12.500,00 punti 5<\/li>\n<li>da 12.500,01 a \u20ac 15.000,00 punti 4<\/li>\n<li>da 15.000,01 a \u20ac 17.500,00 punti 3<\/li>\n<li>da 17.500,01 a \u20ac 20.000,00 punti 2<\/li>\n<li>da 20.000,01 a \u20ac 25.000,00 punti 1<\/li>\n<li>da 25.000,01 a \u20ac 30.000,00 punti 0,5<\/li>\n<\/ul>\n<ol start=\"2\">\n<li>in relazione alla composizione del nucleo familiare saranno assegnati i punti nel modo seguente:<\/li>\n<\/ol>\n<ul>\n<li>con 4 o pi\u00f9 minori in et\u00e0 scolare a carico punti 10<\/li>\n<li>con 3 minori in et\u00e0 scolare a carico punti 8<\/li>\n<li>con 2 minori in et\u00e0 scolare a carico punti 6<\/li>\n<li>con 1 minori in et\u00e0 scolare a carico punti 4<\/li>\n<li>per nuclei mono-genitoriali punti 1<\/li>\n<li>in presenza di portatori handicap nel nucleo familiare punti 1 per ogni portatore di disabilit\u00e0<\/li>\n<li>In presenza di alunno con grave patologia certificata punti 1 e precedenza in caso di parit\u00e0 di punteggio<\/li>\n<\/ul>\n<p style=\"text-align: justify;\">Gli alunni richiedenti saranno comunque collocati in graduatoria; saranno attribuiti libri in comodato d\u2019uso&nbsp;fino all&#8217;esaurimento della dotazione libraria di istituto.<\/p>\n<p>&nbsp;<\/p>\n<p><strong>Art. 4 \u2013 Consegna testi, loro utilizzo e conservazione. <\/strong><\/p>\n<p style=\"text-align: justify;\">I libri saranno consegnati da parte dell\u2019Istituto agli studenti all&#8217;inizio dell\u2019anno scolastico e comunque, entro una settimana dal giorno in cui l\u2019istituzione ne avr\u00e0 la disponibilit\u00e0. Al comodatario verr\u00e0 concessa la facolt\u00e0 di trattenere i manuali scolastici fino al termine delle lezioni dell\u2019anno d\u2019uso per gli alunni promossi.&nbsp;<br \/>\nPer quelli ammessi con carenze e debiti potranno essere lasciati i libri delle discipline corrispondenti alle&nbsp;lacune e comunque non oltre il 31 agosto dell\u2019anno d\u2019uso.<br \/>\nE\u2019 prevista la restituzione immediata per gli alunni che si trasferiscono in corso d\u2019 anno in altra scuola e&nbsp;comunque contestualmente al rilascio del nulla-osta. Sar\u00e0 predisposta una scheda per ogni allievo in cui verranno annotati i testi dati in comodato, contraddistinti dal loro codice, le date di consegna e di restituzione, con le relative firme degli studenti unita alla dichiarazione di assunzione di responsabilit\u00e0 relativa alla corretta conservazione dei testi sottoscritta dai genitori. Il comodatario si impegner\u00e0 per iscritto a custodire i testi con diligenza, senza prestarli ad altri o deteriorarli in alcun modo, fatto salvo il solo effetto dell\u2019uso. Perci\u00f2 non sono ammessi sottolineature (se non a matita), abrasioni, cancellature, annotazioni o qualsiasi altro intervento atto a danneggiare l\u2019integrit\u00e0 del libro.<\/p>\n<p>&nbsp;<\/p>\n<p><strong>Art. 5 &#8211; Restituzione<\/strong><\/p>\n<p>Nel caso in cui non avvenga la restituzione l\u2019Istituto addebiter\u00e0 allo studente e alla sua famiglia una quota&nbsp;pari al 50% del suo valore di copertina. Nel caso in cui uno o pi\u00f9 testi risultassero danneggiati, l\u2019Istituto, ai sensi del C.C. art. 1803 e successivi, addebiter\u00e0 allo studente e alla sua famiglia (a titolo di risarcimento) una quota pari al 50% del suo valore di copertina.&nbsp;<br \/>\nNel caso in cui non vengano rispettati gli obblighi di pagamento, di cui al presente regolamento, lo studente&nbsp;verr\u00e0 escluso dal servizio di comodato per l\u2019anno successivo o gli anni successivi .<\/p>\n<p>&nbsp;<\/p>\n<p><strong>Art. 6 \u2013 Libri esclusi dal comodato<\/strong><\/p>\n<p>Sono esclusi dal comodato d\u2019uso i dizionari e gli atlanti.<\/p>\n<p>&nbsp;<\/p>\n<p><strong>Art. 7 \u2013Gestione delle domande.<\/strong><\/p>\n<ol>\n<li>Il Dirigente scolastico e il DSGA ricevono le richieste di comodato d\u2019uso.<\/li>\n<li>Viene costituita una apposita commissione che coordini le procedure per l\u2019erogazione del comodato attraverso lacompilazione della graduatoria degli alunni aventi diritto.<\/li>\n<li>La commissione, presieduta dal Dirigente scolastico, dal docente referente comodato d\u2019uso e dall\u2019assistente amministrativo dell\u2019ufficio alunni esaminer\u00e0 le domande ricevute e stiler\u00e0 la graduatoria utile all\u2019assegnazione dei libri di testo.<\/li>\n<li>Il servizio sar\u00e0 gestito dai docenti coordinatori di classe e dal docente referente, che si occupano:<\/li>\n<li>della consegna dei testi sulla base della graduatoria;<\/li>\n<li>curano la restituzione e la conservazione dei testi;<\/li>\n<li>consegnano agli uffici di segreteria gli elenchi di comodato recanti nomi e libri attribuiti;<\/li>\n<li>valutano la non corretta conservazione dei testi al momento della riconsegna.<\/li>\n<\/ol>\n<p>&nbsp;<\/p>\n<p>&nbsp;<\/p>\n<p>&nbsp;<\/p>\n","protected":false},"excerpt":{"rendered":"<p>REGOLAMENTO LIBRI IN COMODATO D\u2019USO &nbsp; (Approvato nella seduta del Consiglio di Istituto del 19 gennaio 2018) &nbsp; IL CONSIGLIO D\u2019ISTITUTO &nbsp; VISTO l\u2019art. 3, comma 2 della Costituzione della Repubblica Italiana che stabilisce che la Repubblica deve intervenire per rimuovere gli ostacoli di ordine economico e sociale, che, limitando di fatto la libert\u00e0 e&nbsp; &nbsp; <a class=\"moretag\" href=\"https:\/\/www.comprensivo1portotorres.edu.it\/regolamento-libri-in-comodato-duso\/\" title=\"Leggi l&#180;intero articolo\">&raquo;<\/a><\/p>\n","protected":false},"author":15,"featured_media":0,"parent":0,"menu_order":0,"comment_status":"closed","ping_status":"closed","template":"","meta":{"ngg_post_thumbnail":0},"_links":{"self":[{"href":"https:\/\/www.comprensivo1portotorres.edu.it\/wp-json\/wp\/v2\/pages\/14867"}],"collection":[{"href":"https:\/\/www.comprensivo1portotorres.edu.it\/wp-json\/wp\/v2\/pages"}],"about":[{"href":"https:\/\/www.comprensivo1portotorres.edu.it\/wp-json\/wp\/v2\/types\/page"}],"author":[{"embeddable":true,"href":"https:\/\/www.comprensivo1portotorres.edu.it\/wp-json\/wp\/v2\/users\/15"}],"replies":[{"embeddable":true,"href":"https:\/\/www.comprensivo1portotorres.edu.it\/wp-json\/wp\/v2\/comments?post=14867"}],"version-history":[{"count":4,"href":"https:\/\/www.comprensivo1portotorres.edu.it\/wp-json\/wp\/v2\/pages\/14867\/revisions"}],"predecessor-version":[{"id":14892,"href":"https:\/\/www.comprensivo1portotorres.edu.it\/wp-json\/wp\/v2\/pages\/14867\/revisions\/14892"}],"wp:attachment":[{"href":"https:\/\/www.comprensivo1portotorres.edu.it\/wp-json\/wp\/v2\/media?parent=14867"}],"curies":[{"name":"wp","href":"https:\/\/api.w.org\/{rel}","templated":true}]}}