{"id":14915,"date":"2018-02-21T14:23:25","date_gmt":"2018-02-21T14:23:25","guid":{"rendered":"http:\/\/www.comprensivo1portotorres.edu.it\/?page_id=14915"},"modified":"2018-02-23T09:38:31","modified_gmt":"2018-02-23T09:38:31","slug":"regolamento-cyberbullismo","status":"publish","type":"page","link":"https:\/\/www.comprensivo1portotorres.edu.it\/regolamento-cyberbullismo\/","title":{"rendered":"Regolamento cyberbullismo"},"content":{"rendered":"<p>Questo regolamento \u00e8 da intendersi come parte integrante del Regolamento di Istituto<\/p>\n<p><strong>(approvato nella seduta del Consiglio di Istituto del 19 gennaio 2018) <\/strong><\/p>\n<p><strong>PREMESSA<\/strong><\/p>\n<p style=\"text-align: justify;\">&nbsp;Nella Gazzetta del 3 giugno scorso \u00e8 stata pubblicata la Legge 29 maggio 2017 n. 71 recante &#8220;Disposizioni a tutela dei minori per la prevenzione ed il contrasto del fenomeno del cyberbullismo&#8221; in vigore dal 18.06.2017. L\u2019obiettivo della legge n. 71 intende contrastare il fenomeno del cyberbullismo in tutte le sue manifestazioni, con azioni a carattere preventivo e con una strategia di attenzione, tutela ed educazione nei confronti dei minori coinvolti, sia nella posizione di vittime sia in quella di responsabili di illeciti.La diffusione delle tecnologie ha determinato, inoltre, accanto al bullismo \u201cin presenza\u201d, il fenomeno del cyber-bullismo, forma di bullismo che viene esercitata attraverso i mezzi elettronici come e-mail, twitterfacebook e l\u2019uso di telefoni cellulari. La legge&nbsp; definisce Il cyber-bullismo in questo modo: &#8220;<strong>qualunque forma di pressione, aggressione, molestia, ricatto, ingiuria, denigrazione, diffamazione, furto d&#8217;identit\u00e0, alterazione, acquisizione illecita, manipolazione, trattamento illecito di dati personali in danno di minorenni, realizzata per via telematica, nonch\u00e9 la diffusione di contenuti on-line aventi ad oggetto anche uno o pi\u00f9 componenti della famiglia del minore il cui scopo intenzionale e predominante sia quello di isolare un minore o un gruppo di minori ponendo in atto un serio abuso, un attacco dannoso, o la loro messa in ridicolo&#8221;<\/strong>. Si tratta di forme di aggressione e molestie, spesso accompagnate dall\u2019anonimato e dal fatto che la distanza del persecutore rispetto alla vittima rende pi\u00f9 difficile la percezione della sua sofferenza. Il mondo digitale e virtuale, infatti, pur rappresentando un\u2019enorme opportunit\u00e0 di sviluppo e crescita culturale e sociale, nasconde una serie di insidie e pericoli&nbsp; che mettono a rischio il senso della legalit\u00e0.<\/p>\n<p style=\"text-align: justify;\"><strong>Compiti del&nbsp; Dirigente Scolastico: <\/strong><\/p>\n<ul>\n<li style=\"text-align: justify;\">individua attraverso il Collegio dei Docenti un referente del bullismo e cyberbullismo;<\/li>\n<li style=\"text-align: justify;\">coinvolge, nella prevenzione e contrasto al fenomeno del bullismo, tutte le componenti della comunit\u00e0 scolastica, particolarmente quelle che operano nell&#8217;area dell&#8217;informatica, partendo dall&#8217;utilizzo sicuro di Internet a scuola;<\/li>\n<li style=\"text-align: justify;\">prevede all&#8217;interno del PTOF corsi di aggiornamenti e formazione in materia di prevenzione dei fenomeni di bullismo e cyberbullismo, rivolti al personale docente ed ATA;<\/li>\n<li style=\"text-align: justify;\">promuove sistematicamente azioni di sensibilizzazione dei fenomeni del bullismo e cyberbullismo nel territorio in rete con enti, associazioni, istituzioni locali ed altre scuole, coinvolgendo alunni, docenti, genitori ed esperti;<\/li>\n<li style=\"text-align: justify;\">favorisce la discussione all&#8217;interno della scuola, attraverso i vari organi collegiali, creando i presupposti di regole condivise di comportamento per il contrasto e prevenzione dei fenomeni del bullismo e cyberbullismo;<\/li>\n<li style=\"text-align: justify;\">prevede azioni culturali ed educative rivolte agli studenti, per acquisire le competenze necessarie all&#8217;esercizio di una cittadinanza digitale consapevole<\/li>\n<\/ul>\n<p><strong>Compiti del referente del Bullismo e cyberbullismo:<\/strong><\/p>\n<ul>\n<li style=\"text-align: justify;\">promuove la conoscenza e la consapevolezza del bullismo e del cyber-bullismo attraverso progetti d&#8217;istituto che coinvolgano genitori, studenti e tutto il personale;<\/li>\n<li style=\"text-align: justify;\">coordina le attivit\u00e0 di prevenzione ed informazione sulle sanzioni previste e sulle responsabilit\u00e0 di natura civile e penale, anche con eventuale affiancamento di genitori e studenti;<\/li>\n<li style=\"text-align: justify;\">si rivolge a partner esterni alla scuola, quali servizi sociali e sanitari, aziende del privato sociale, forze di polizia,\u2026 per realizzare un progetto di prevenzione;<\/li>\n<li style=\"text-align: justify;\">cura rapporti di rete fra scuole per eventuali convegni\/seminari\/corsi e per la giornata mondiale sulla Sicurezza in Internet la \u201cSafer Internet Day\u201d.<\/li>\n<\/ul>\n<p><strong>Compiti del Collegio docenti:<\/strong><\/p>\n<ul>\n<li>promuove scelte didattiche, educative e formative , anche in collaborazione con altre scuole in rete, per la prevenzione del fenomeno.<\/li>\n<\/ul>\n<p><strong>Compiti del Consiglio di classe:<\/strong><\/p>\n<ul>\n<li style=\"text-align: justify;\">pianifica attivit\u00e0 didattiche e\/o integrative finalizzate al coinvolgimento attivo e collaborativo degli studenti e all&#8217;approfondimento di tematiche che favoriscano la riflessione e la presa di coscienza della necessit\u00e0 dei valori di convivenza civile;<\/li>\n<li style=\"text-align: justify;\">favorisce un clima collaborativo all&#8217;interno della classe e nelle relazioni con le famiglie propone progetti di educazione alla legalit\u00e0 e alla cittadinanza attiva.<\/li>\n<li style=\"text-align: justify;\">valorizza nell&#8217;attivit\u00e0 didattica modalit\u00e0 di lavoro di tipo cooperativo e spazi di riflessioni adeguati al livello di et\u00e0 degli alunni<\/li>\n<\/ul>\n<p style=\"text-align: justify;\">Tutti i docenti&nbsp; promuoveranno &nbsp;azioni congruenti con l\u2019utenza del proprio ordine di scuola, tenuto conto che l\u2019istruzione ha un ruolo fondamentale sia nell&#8217;acquisizione e rispetto delle norme relative alla convivenza civile, sia nella trasmissione dei valori legati ad un uso responsabile di internet.<\/p>\n<p><strong>I genitori :<\/strong><\/p>\n<ul>\n<li style=\"text-align: justify;\">partecipano attivamente alle azioni di formazione\/informazione, organizzate dalle scuole, sui comportamenti sintomatici del bullismo e del cyberbullismo;<\/li>\n<li style=\"text-align: justify;\">sono attenti ai comportamenti dei propri figli;<\/li>\n<li style=\"text-align: justify;\">vigilano sull\u2019uso delle tecnologie da parte dei ragazzi, con particolare attenzione ai tempi, alle modalit\u00e0, agli atteggiamenti conseguenti (i genitori dovrebbero allertarsi se uno studente, dopo l\u2019uso di internet o del proprio telefonino, mostra stati depressivi, ansiosi o paura);<\/li>\n<li style=\"text-align: justify;\">conoscono le azioni messe in campo dalla scuola e collaborano secondo le modalit\u00e0 previste dal Patto di corresponsabilit\u00e0;<\/li>\n<li style=\"text-align: justify;\">conoscono il codice di comportamento dello studente;<\/li>\n<li style=\"text-align: justify;\">conoscono le sanzioni previste da regolamento d\u2019istituto nei casi di bullismo, cyber bullismo e navigazione on-line a rischio<\/li>\n<\/ul>\n<p><strong>Gli alunni:<\/strong><\/p>\n<ul>\n<li style=\"text-align: justify;\">sono coinvolti nella progettazione e nella realizzazione delle iniziative scolastiche, al fine di favorire un miglioramento del clima relazionale; in particolare, dopo opportuna formazione, possono operare come tutor per altri studenti;<\/li>\n<li style=\"text-align: justify;\">imparano le regole basilari, per rispettare gli altri, quando sono connessi alla rete, facendo attenzione alle comunicazioni (email, sms, mms) che inviano.<\/li>\n<li style=\"text-align: justify;\">non \u00e8 loro consentito, durante le attivit\u00e0 didattiche o comunque all\u2019interno della scuola, acquisire \u2013 mediante telefonini cellulari o altri dispositivi elettronici &#8211; immagini, filmati o registrazioni vocali, se non per finalit\u00e0 didattiche, previo consenso del docente. La divulgazione del materiale acquisito all\u2019interno dell\u2019istituto \u00e8 utilizzabile solo per fini esclusivamente personali di studio o documentazione, e comunque nel rispetto del diritto alla riservatezza di tutti;<\/li>\n<li style=\"text-align: justify;\">durante le lezioni o le attivit\u00e0 didattiche in genere non possono usare cellulari, giochi elettronici e riproduttori di musica, se non per finalit\u00e0 didattiche, previo consenso del docente.<\/li>\n<\/ul>\n<p><strong>Mancanze disciplinari<\/strong><\/p>\n<p><strong>&nbsp;Le tipologie persecutorie qualificate come Bullismo: <\/strong><\/p>\n<ul>\n<li>la violenza fisica, psicologica o l\u2019intimidazione del gruppo,specie se reiterata;<\/li>\n<li>l\u2019intenzione di nuocere;<\/li>\n<li>l\u2019isolamento della vittima.<\/li>\n<\/ul>\n<p><strong>Le tipologie qualificate come&nbsp; Cyberbullismo: <\/strong><\/p>\n<ul>\n<li style=\"text-align: justify;\"><strong>Flaming<\/strong>: Litigi on line nei quali si fa uso di un linguaggio violento e volgare.<\/li>\n<li style=\"text-align: justify;\"><strong>Harassment<\/strong>: molestie attuate attraverso l\u2019invio ripetuto di linguaggi offensivi.<\/li>\n<li style=\"text-align: justify;\"><strong>Cyberstalking<\/strong>: invio ripetuto di messaggi che includono esplicite minacce fisiche, al punto che la vittima arriva a temere per la propria incolumit\u00e0.<\/li>\n<li style=\"text-align: justify;\"><strong> Denigrazione<\/strong>: pubblicazione all\u2019interno di comunit\u00e0 virtuali , quali newsgroup, blog,forum di discussione, messaggistica immediata, siti internet,\u2026 di pettegolezzi e commenti crudeli, calunniosi e denigratori.<\/li>\n<li style=\"text-align: justify;\"><strong> Outing estorto<\/strong>: registrazione delle confidenze \u2013 raccolte all&#8217;interno di un ambiente privato- creando un clima di fiducia e poi inserite integralmente in un blog pubblico.<\/li>\n<li style=\"text-align: justify;\"><strong>Impersonificazione<\/strong>: insinuazione all&#8217;interno dell\u2019account di un\u2019altra persona con l\u2019obiettivo di inviare dal medesimo messaggi ingiuriosi che screditino la vittima.<\/li>\n<li style=\"text-align: justify;\"><strong>Esclusione<\/strong>: estromissione intenzionale dall&#8217;attivit\u00e0 on line.<\/li>\n<li style=\"text-align: justify;\"><strong>Sexting<\/strong>: invio di messaggi via smartphone ed Internet, corredati da immagini a sfondo sessuale.<\/li>\n<\/ul>\n<p><strong>Sanzioni disciplinari<\/strong><\/p>\n<p style=\"text-align: justify;\">L&#8217;Istituto comprensivo n. 1 di Porto Torres considera, come infrazione grave, i comportamenti, accertati, che si configurano come forme di bullismo e cyberbullismo e li sanziona sulla base di quanto previsto nel regolamento d\u2019Istituto. Gli episodi di bullismo e cyberbullismo saranno sanzionati, privilegiando sanzioni disciplinari di tipo educativo e non punitivo, convertibili in attivit\u00e0 a favore della comunit\u00e0 scolastica.<\/p>\n<p><strong>Patto di corresponsabilit\u00e0<\/strong><\/p>\n<p>&nbsp;Il Patto di corresponsabilit\u00e0 \u00e8 integrato come da allegato al presente regolamento.<\/p>\n<p><strong>Riferimenti normativi&nbsp; sul bullismo ecyberbullismo:<\/strong><\/p>\n<ul>\n<li style=\"text-align: justify;\">artt. 3- 33- 34 della Costituzione Italiana;<\/li>\n<li style=\"text-align: justify;\">Direttiva MIUR n.16 del 5 febbraio 2007 recante \u201cLinee di indirizzo generali ed azioni a livello nazionale per la prevenzione e la lotta al bullismo\u201d;<\/li>\n<li style=\"text-align: justify;\">direttiva MPI n. 30 del 15 marzo 2007 recante \u201cLinee di indirizzo ed indicazioni in materia di utilizzo di \u2018telefoni cellulari\u2019 e di altri dispositivi elettronici durante l\u2019attivit\u00e0 didattica, irrogazione di sanzioni disciplinari, dovere di vigilanza e di corresponsabilit\u00e0 dei genitori e dei docenti\u201d;<\/li>\n<li style=\"text-align: justify;\">direttiva MPI n. 104 del 30 novembre 2007 recante \u201cLinee di indirizzo e chiarimenti interpretativi ed applicativi in ordine alla normativa vigente posta a tutela della privacy con particolare riferimento all\u2019utilizzo di telefoni cellulari o di altri dispositivi elettronici nelle comunit\u00e0 scolastiche allo scopo di acquisire e\/o divulgare immagini, filmati o registrazioni vocali\u201d;<\/li>\n<li style=\"text-align: justify;\">direttiva MIUR n.1455\/06;<\/li>\n<li style=\"text-align: justify;\">D.P.R. 249\/98 e 235\/2007 recante \u201cStatuto delle studentesse e degli studenti\u201d;<\/li>\n<li style=\"text-align: justify;\">dalle linee di orientamento per azioni di prevenzione e di contrasto al bullismo e al cyberbullismo, MIUR aprile 2015;<\/li>\n<li style=\"text-align: justify;\">artt. 581-582-594-595-610-612-635 del Codice Penale;<\/li>\n<li style=\"text-align: justify;\">artt. 2043-2047-2048 Codice Civile.<\/li>\n<li style=\"text-align: justify;\">Legge n.71\/2017<\/li>\n<\/ul>\n<p><strong>Procedura nei casi &nbsp;si verificano fenomeni di bullismo o cyberbullismo.<\/strong><\/p>\n<p><strong>Azioni:<\/strong><\/p>\n<ul>\n<li style=\"text-align: justify;\">informazione del Consiglio di classe da parte di chi \u00e8 venuto a conoscenza dell\u2019episodio.<\/li>\n<li style=\"text-align: justify;\">Coinvolgimento del Dirigente scolastico, genitori, alunni interessati,referenti sul bullismo o cyberbullismo e dei docenti che si occupano dello sportello di ascolto.<\/li>\n<li style=\"text-align: justify;\">Convocazione Consiglio straordinario.<\/li>\n<\/ul>\n<p>&nbsp;<\/p>\n<table style=\"width: 824px;\">\n<tbody>\n<tr style=\"height: 2px;\">\n<td style=\"height: 2px; width: 163px;\"><strong>INTERVENTI EDUCATIVI&nbsp;&nbsp;&nbsp;&nbsp;&nbsp;&nbsp;&nbsp;&nbsp;&nbsp;&nbsp;&nbsp;&nbsp;&nbsp;&nbsp;&nbsp;&nbsp;&nbsp;&nbsp;&nbsp;&nbsp;&nbsp;&nbsp;&nbsp;&nbsp;&nbsp;&nbsp;&nbsp;&nbsp;&nbsp;&nbsp;&nbsp;&nbsp;&nbsp;&nbsp;&nbsp;&nbsp;&nbsp;&nbsp;&nbsp;&nbsp;&nbsp;&nbsp;&nbsp;&nbsp;&nbsp;&nbsp;&nbsp;&nbsp;&nbsp;&nbsp;&nbsp;&nbsp;&nbsp;&nbsp;&nbsp;&nbsp;&nbsp;&nbsp;&nbsp;&nbsp;&nbsp;&nbsp;&nbsp;&nbsp;&nbsp;&nbsp;&nbsp;&nbsp;&nbsp;&nbsp;&nbsp;&nbsp;&nbsp; <\/strong><\/td>\n<td style=\"height: 2px; width: 418px;\" colspan=\"2\"><strong>INTERVENTI DISCIPLINARI<\/strong><\/td>\n<td style=\"height: 2px; width: 288px;\"><strong>SOGGETI COINVOLTI<\/strong><\/td>\n<\/tr>\n<tr style=\"height: 64px;\">\n<td style=\"height: 64px; width: 163px;\">\n<p style=\"text-align: justify;\">Incontri con gli alunni coinvolti. Interventi \/discussione in classe. Informare e coinvolgere genitori. Responsabilizzare gli alunni coinvolti. Stabilire regole di comportamento \/di classe.<\/p>\n<p>Sportello di ascolto.<\/td>\n<td style=\"height: 64px; width: 418px; text-align: justify;\" colspan=\"2\">Lettera disciplinare, lettera di scuse da parte del bullo, scuse in un incontro con la vittima. Informazione dei genitori sull\u2019episodio e coinvolgimento degli alunni in attivit\u00e0 a favore della comunit\u00e0 scolastica.<\/td>\n<td style=\"height: 126px; width: 288px;\" rowspan=\"2\">&nbsp;<\/p>\n<p>Tutti i docenti del Consiglio di classe.<\/p>\n<p>Dirigente scolastico<\/p>\n<p>&nbsp;Alunni.<\/p>\n<p>&nbsp;Genitori.<\/p>\n<p>Docenti referenti Sportello di ascolto<\/td>\n<\/tr>\n<tr style=\"height: 62px;\">\n<td style=\"height: 62px; width: 163px;\">Monitoraggio&nbsp; e controllo periodico sulle dinamiche della classe.<\/p>\n<p>Valutazione e verifica sulle dinamiche della&nbsp; classe da parte&nbsp; del Dirigente scolastico, docenti<\/td>\n<td style=\"height: 62px; width: 418px;\" colspan=\"2\">Ascolto attivo<\/p>\n<p>Sportello di ascolto<\/td>\n<\/tr>\n<tr style=\"height: 32px;\">\n<td style=\"height: 32px; width: 478px;\" colspan=\"2\"><strong>&nbsp;&nbsp; Valutazione<\/strong><\/td>\n<td style=\"height: 32px; width: 391px;\" colspan=\"2\"><b>SOGGETTI&nbsp;COINVOLTI<\/b><\/td>\n<\/tr>\n<tr style=\"height: 72px;\">\n<td style=\"height: 72px; width: 478px;\" colspan=\"2\">Se il problema \u00e8 risolto vigilare sulle dinamiche della classe<\/td>\n<td style=\"height: 72px; width: 391px;\" colspan=\"2\">Tutti i docenti del Consiglio di classe.<\/p>\n<p>Genitori.<\/td>\n<\/tr>\n<\/tbody>\n<\/table>\n<p>&nbsp;<\/p>\n<p><strong>Si allega al presente regolamento le iniziative sviluppate dalla nostra Istituzione scolastica.<\/strong><\/p>\n<p><strong>PIANO PLURIENNALE&nbsp; D\u2019INTERVENTO&nbsp; NELLA PREVENZIONE AL BULLISMO E AL CYBERBULLISMO .<\/strong><\/p>\n<p style=\"text-align: justify;\">La prevenzione dei fenomeni di bullismo e cyberbullismo costituisce una&nbsp; delle linee prioritarie d\u2019intervento&nbsp; nell&#8217;ambito delle&nbsp;&nbsp; attivit\u00e0&nbsp; del Piano di Formazione di Istituto e&nbsp; del POF. L\u2019azione di sensibilizzazione e di prevenzione si realizza attraverso interventi formativi e informativi rivolti agli studenti, ai loro genitori e agli insegnanti. Tali percorsi sono&nbsp; finalizzati alla promozione di &nbsp;una sempre maggiore e pi\u00f9 diffusa capacit\u00e0 educativa socio-affettiva, di prevenzione del disagio psicologico e di attivazione di reti di sostegno, che possa tradursi in aumentata sensibilit\u00e0 rispetto al fenomeno e in una migliore capacit\u00e0 di osservazione e discriminazione di situazioni di prevaricazione e prepotenza.<\/p>\n<p><strong>AZIONI DI SISTEMA&nbsp; ATTUATE&nbsp;<\/strong><\/p>\n<p style=\"padding-left: 90px;\">1.&nbsp;<strong><em><u>Piano di sensibilizzazione MIUR &#8211; Ministero Interni<\/u><\/em><\/strong><\/p>\n<p style=\"text-align: justify;\">Nell\u2019ambito del protocollo di intesa MIUR e dipartimento della Pubblica sicurezza del Ministero dell\u2019Interno, gli esperti della Polizia Postale di Sassari hanno incontrato gli studenti e i docenti della nostra scuola al fine di sensibilizzare l\u2019utenza all\u2019uso corretto, consapevole e responsabile dei social network.<\/p>\n<p style=\"padding-left: 90px;\">2.&nbsp;<strong><em><u>Progetto in rete Scuola 10+. <\/u><\/em><\/strong><\/p>\n<p>Il progetto ha previsto due differenti momenti, uno di formazione e uno pi\u00f9 operativo a carattere laboratoriale, per docenti, genitori e alunni.<\/p>\n<p><strong><u>Corso di formazione per docenti e genitori<\/u><\/strong> che ha perseguito i seguenti obiettivi:<\/p>\n<ul>\n<li style=\"text-align: justify;\">Favorire l\u2019acquisizione di conoscenze specifiche rispetto al fenomeno del bullismo e del cyberbullismo, alle dinamiche sottese e ai diversi ruoli ricoperti dai ragazzi;<\/li>\n<li style=\"text-align: justify;\">Sviluppare competenze utili volte al riconoscimento precoce dei segnali d\u2019allarme individuabili nelle condotte, negli atteggiamenti e nei vissuti emotivi sperimentati dai ragazzi al fine di comprendere la differenza tra episodi legati al gioco e allo scherzo e veri e propri atti di prevaricazione;<\/li>\n<li style=\"text-align: justify;\">Fornire ai docenti metodologie didattiche attive e di gruppo orientate alla prevenzione del fenomeno ;<\/li>\n<li style=\"text-align: justify;\">Fornire ai genitori strategie di intervento al fine di attuare un\u2019educazione basata sul rispetto di s\u00e9 e degli altri e su un uso sano e consapevole della tecnologia, cos\u00ec da prevenire tali forme di violenza. Illustrare i pericolosi effetti e le conseguenze a breve e a lungo termine che possono interessare le vittime, i bulli e tutte le persone coinvolte.<\/li>\n<li style=\"text-align: justify;\"><strong><u>Laboratori &nbsp;rivolti agli studenti<\/u><\/strong> , coordinati da psicologi con esperienza sui temi del bullismo e del cyberbullismo. L\u2019obiettivo delle attivit\u00e0 realizzate \u00e8&nbsp; stato quello di stimolare negli alunni riflessioni sui propri comportamenti all&#8217;interno di relazioni via via in evoluzione e in situazioni emotive sempre pi\u00f9 complesse,&nbsp; in modo da stabilire relazioni di gruppo corrette e positive.<\/li>\n<li style=\"text-align: justify;\"><strong><u>Sportello di consulenza psicologica<\/u><\/strong>, con la presenza di uno psicologo dell\u2019associazione Antheas, quale spazio dedicato per offrire consulenza, ascolto&nbsp; e prevenire situazioni&nbsp; di disagio<\/li>\n<\/ul>\n<p style=\"padding-left: 90px;\">3. <strong><em><u>Progetto \u201c#Identit\u00e0 virtuale e cyberbullismo-metodologie per educare i giovani alla cittadinanza digitale<\/u><\/em><\/strong><\/p>\n<p style=\"text-align: justify;\"><em>Le scuole coinvolte (20 in tutta la Sardegna, fra secondarie di 1\u00b0 e 2\u00b0 grado) sono state selezionate, come da indicazioni dell\u2019USR Sardegna con nota prot. 3963 del 15.03.2017, sulla base dei dati estrapolati dalla rilevazione dei bisogni formativi espressi nell\u2019ambito del Piano di formazione dei docenti 2016\/17. <\/em><\/p>\n<p><strong>Obiettivi: <\/strong><\/p>\n<ul>\n<li>sostenere i docenti nella gestione efficace delle situazioni problematiche riducendo l&#8217;incidenza della violenza tra pari, del bullismo e del cyberbullismo;<\/li>\n<li>educare i giovani a un uso consapevole e responsabile delle nuove tecnologie<\/li>\n<li>sostenere i genitori nella conoscenza dei social network quale presupposto per una corretta interazione con i figli.<\/li>\n<\/ul>\n<p><strong>&nbsp;<\/strong><strong>Linee d\u2019azione:<\/strong><\/p>\n<ul>\n<li style=\"text-align: justify;\"><strong><u>formazione dei docenti<\/u><\/strong> (4 docenti, uno dei quali referente per il cyberbullismo) &#8211; Tre incontri intensivi di 7 ore ciascuno per un totale di 21 ore); gli aspetti epistemologici e metodologici della gestione del fenomeno;<\/li>\n<li style=\"text-align: justify;\"><strong><u>laboratori con gli studenti<\/u><\/strong> (Laboratorio identit\u00e0 virtuale (8 ore), laboratorio Safeteens web (4 ore) e il laboratorio Save your face (4 ore). Il percorso formativo dei laboratori ha contemplato la trattazione, sotto un profilo psicologico, pedagogico, sociale e giuridico, delle seguenti tematiche: 1) Senso del S\u00e9 Virtuale e Identit\u00e0 Virtuale: la concettualizzazione dell\u2019identit\u00e0 virtuale; 2) Bullismo, Cyberbullismo, Navigazione online a rischio; 3) Analisi dei principali social network e dei pericoli che si possono correre online. Aspetti giuridici.<\/li>\n<\/ul>\n<p style=\"text-align: justify;\">Nella fase formativa \u00e8 stata utilizzata una metodologia interattiva: gli studenti sono stati sollecitati a discutere con il formatore, a mostrare volontariamente&nbsp; i contenuti dei loro profili online (Instagram, Facebook, ThisCrushetc) e a costruire una <em>Carta dei Diritti e dei Doveri virtuali<\/em>.<\/p>\n<ul>\n<li style=\"text-align: justify;\"><strong><u>seminario con genitori<\/u><\/strong> &#8211; #GENITORE DIGITALE per tutelare la vita virtuale di tuo figlio. I PROBLEMI: rischi e pericoli che i ragazzi devono gestire nel mondo virtuale. LE SOLUZIONI: le competenze virtuali e i nuovi strumenti educativi per i genitori.<\/li>\n<\/ul>\n<p style=\"text-align: justify;\"><strong>Destinatari: <\/strong><\/p>\n<ul>\n<li>Docenti, studenti e genitori delle scuole secondarie di 1\u00b0 e 2\u00b0 grado<\/li>\n<\/ul>\n<p><strong>Conduzione corso formazione, laboratori e seminari:<\/strong><\/p>\n<ul>\n<li style=\"text-align: justify;\">Dottor Luca Pisano, (psicologo psicoterapeuta IFOS, esperto in giurisdizione minorile e consulente dell&#8217;Ufficio IV del Dipartimento Giustizia Minorile e di Comunit\u00e0, Ministero della Giustizia);<\/li>\n<li style=\"text-align: justify;\">Giampiero Branca \u2013 Sociologo IFOS<\/li>\n<\/ul>\n<p><a href=\"http:\/\/www.comprensivo1portotorres.edu.it\/wp-content\/uploads\/2018\/02\/librettogenitorii.pdf\">Libretto per i genitori<\/a><\/p>\n<p><a href=\"http:\/\/www.comprensivo1portotorres.edu.it\/wp-content\/uploads\/2018\/02\/librettostudenti.pdf\">Libretto per gli studenti<\/a><\/p>\n","protected":false},"excerpt":{"rendered":"<p>Questo regolamento \u00e8 da intendersi come parte integrante del Regolamento di Istituto (approvato nella seduta del Consiglio di Istituto del 19 gennaio 2018) PREMESSA &nbsp;Nella Gazzetta del 3 giugno scorso \u00e8 stata pubblicata la Legge 29 maggio 2017 n. 71 recante &#8220;Disposizioni a tutela dei minori per la prevenzione ed il contrasto del fenomeno del&nbsp; &nbsp; <a class=\"moretag\" href=\"https:\/\/www.comprensivo1portotorres.edu.it\/regolamento-cyberbullismo\/\" title=\"Leggi l&#180;intero articolo\">&raquo;<\/a><\/p>\n","protected":false},"author":15,"featured_media":0,"parent":0,"menu_order":0,"comment_status":"closed","ping_status":"closed","template":"","meta":{"ngg_post_thumbnail":0},"_links":{"self":[{"href":"https:\/\/www.comprensivo1portotorres.edu.it\/wp-json\/wp\/v2\/pages\/14915"}],"collection":[{"href":"https:\/\/www.comprensivo1portotorres.edu.it\/wp-json\/wp\/v2\/pages"}],"about":[{"href":"https:\/\/www.comprensivo1portotorres.edu.it\/wp-json\/wp\/v2\/types\/page"}],"author":[{"embeddable":true,"href":"https:\/\/www.comprensivo1portotorres.edu.it\/wp-json\/wp\/v2\/users\/15"}],"replies":[{"embeddable":true,"href":"https:\/\/www.comprensivo1portotorres.edu.it\/wp-json\/wp\/v2\/comments?post=14915"}],"version-history":[{"count":8,"href":"https:\/\/www.comprensivo1portotorres.edu.it\/wp-json\/wp\/v2\/pages\/14915\/revisions"}],"predecessor-version":[{"id":14981,"href":"https:\/\/www.comprensivo1portotorres.edu.it\/wp-json\/wp\/v2\/pages\/14915\/revisions\/14981"}],"wp:attachment":[{"href":"https:\/\/www.comprensivo1portotorres.edu.it\/wp-json\/wp\/v2\/media?parent=14915"}],"curies":[{"name":"wp","href":"https:\/\/api.w.org\/{rel}","templated":true}]}}