{"id":8113,"date":"2015-10-08T06:19:56","date_gmt":"2015-10-08T06:19:56","guid":{"rendered":"http:\/\/www.comprensivo1portotorres.edu.it\/?page_id=8113"},"modified":"2015-10-08T06:40:57","modified_gmt":"2015-10-08T06:40:57","slug":"refugees-welcome","status":"publish","type":"page","link":"https:\/\/www.comprensivo1portotorres.edu.it\/secondaria-brunelleschi\/refugees-welcome\/","title":{"rendered":"Refugees Welcome"},"content":{"rendered":"<div class=\"boxhome\">\n<h2 class=\"posttitle\">L&#8217;incontro con\u00a0i migranti delle comunit\u00e0 di accoglienza<\/h2>\n<p style=\"text-align: justify;\"><a href=\"http:\/\/www.comprensivo1portotorres.edu.it\/wp-content\/uploads\/2015\/10\/Refugees-welcome_1.jpg\"><img decoding=\"async\" loading=\"lazy\" class=\"alignleft wp-image-8110 size-medium\" title=\"Refugees welcome \" src=\"http:\/\/www.comprensivo1portotorres.edu.it\/wp-content\/uploads\/2015\/10\/Refugees-welcome_1-300x170.jpg\" alt=\"Refugees welcome\" width=\"300\" height=\"170\" \/><\/a>La Scuola Secondaria <strong>\u201cIl Brunelleschi\u201d<\/strong> pone da sempre particolare attenzione alle tematiche della solidariet\u00e0 e dell\u2019inclusione sociale. Nello specifico la nostra scuola organizza ormai da anni attivit\u00e0 ed eventi in questo senso, in linea e nel pieno rispetto del Piano dell\u2019Offerta Formativa.<br \/>\nQuest\u2019anno i docenti hanno deciso di organizzare degli incontri con alcuni migranti ospiti delle comunit\u00e0 di accoglienza di Porto Torres, in collaborazione con l\u2019associazione di volontariato <strong>\u201cRefugees welcome\u201d<\/strong>, per sensibilizzare gli alunni alle problematiche sociali legate al fenomeno dell\u2019immigrazione. Il primo incontro ha avuto luogo <strong>marted\u00ec 6 ottobre.<\/strong> In questa occasione i nostri fratelli africani hanno avuto modo di raccontare le loro vite, le loro storie e le loro esperienze, \u201cintervistati\u201d in lingua inglese e in lingua francese dagli alunni delle classi 3^ B e 3^D. A seguire, tutte le classi avranno modo di confrontarsi con i migranti. Il coinvolgimento emotivo \u00e8 stato fortissimo, a dimostrazione del fatto che una testimonianza diretta \u00e8 molto pi\u00f9 significativa della lettura di un articolo di giornale o di un servizio televisivo.<br \/>\nIn seguito, verranno invitati a portare la loro testimonianza i membri dell\u2019equipaggio della motovedetta CP 291, e il suo Comandante M.llo Luogotenente Carlo Chessa, impegnati dal 6 luglio nell&#8217;ambito dell&#8217;operazione &#8220;Triton&#8221; nell\u2019attivit\u00e0 di ricerca e soccorso dei migranti nel Mediterraneo, e appena rientrati a Porto Torres.<\/p>\n<p style=\"text-align: justify;\"><!-- default-view.php -->\n<div\n\tclass=\"ngg-galleryoverview default-view  ngg-ajax-pagination-none\"\n\tid=\"ngg-gallery-4eddb4c2d0af49626cd781425fae1d9b-1\">\n\n\t\t<!-- Thumbnails -->\n\t\t\t\t<div id=\"ngg-image-0\" class=\"ngg-gallery-thumbnail-box \" >\n\t\t\t\t        <div class=\"ngg-gallery-thumbnail\">\n            <a href=\"https:\/\/www.comprensivo1portotorres.edu.it\/wp-content\/gallery\/refugees_welcome\/Refugees-welcome-7.jpg\"\n               title=\"\"\n               data-src=\"https:\/\/www.comprensivo1portotorres.edu.it\/wp-content\/gallery\/refugees_welcome\/Refugees-welcome-7.jpg\"\n               data-thumbnail=\"https:\/\/www.comprensivo1portotorres.edu.it\/wp-content\/gallery\/refugees_welcome\/thumbs\/thumbs_Refugees-welcome-7.jpg\"\n               data-image-id=\"326\"\n               data-title=\"Refugees welcome (7)\"\n               data-description=\"\"\n               data-image-slug=\"refugees-welcome-7\"\n               class=\"shutterset_4eddb4c2d0af49626cd781425fae1d9b\">\n                <img\n                    title=\"Refugees welcome (7)\"\n                    alt=\"Refugees welcome (7)\"\n                    src=\"https:\/\/www.comprensivo1portotorres.edu.it\/wp-content\/gallery\/refugees_welcome\/thumbs\/thumbs_Refugees-welcome-7.jpg\"\n                    width=\"120\"\n                    height=\"90\"\n                    style=\"max-width:100%;\"\n                \/>\n            <\/a>\n        <\/div>\n\t\t\t\t\t\t\t<\/div> \n\t\t\t\n\t\t\t\t<div id=\"ngg-image-1\" class=\"ngg-gallery-thumbnail-box \" >\n\t\t\t\t        <div class=\"ngg-gallery-thumbnail\">\n            <a href=\"https:\/\/www.comprensivo1portotorres.edu.it\/wp-content\/gallery\/refugees_welcome\/Refugees-welcome-8.jpg\"\n               title=\"\"\n               data-src=\"https:\/\/www.comprensivo1portotorres.edu.it\/wp-content\/gallery\/refugees_welcome\/Refugees-welcome-8.jpg\"\n               data-thumbnail=\"https:\/\/www.comprensivo1portotorres.edu.it\/wp-content\/gallery\/refugees_welcome\/thumbs\/thumbs_Refugees-welcome-8.jpg\"\n               data-image-id=\"327\"\n               data-title=\"Refugees welcome (8)\"\n               data-description=\"\"\n               data-image-slug=\"refugees-welcome-8\"\n               class=\"shutterset_4eddb4c2d0af49626cd781425fae1d9b\">\n                <img\n                    title=\"Refugees welcome (8)\"\n                    alt=\"Refugees welcome (8)\"\n                    src=\"https:\/\/www.comprensivo1portotorres.edu.it\/wp-content\/gallery\/refugees_welcome\/thumbs\/thumbs_Refugees-welcome-8.jpg\"\n                    width=\"120\"\n                    height=\"90\"\n                    style=\"max-width:100%;\"\n                \/>\n            <\/a>\n        <\/div>\n\t\t\t\t\t\t\t<\/div> \n\t\t\t\n\t\t\t\t<div id=\"ngg-image-2\" class=\"ngg-gallery-thumbnail-box \" >\n\t\t\t\t        <div class=\"ngg-gallery-thumbnail\">\n            <a href=\"https:\/\/www.comprensivo1portotorres.edu.it\/wp-content\/gallery\/refugees_welcome\/Refugees-welcome-9.jpg\"\n               title=\"\"\n               data-src=\"https:\/\/www.comprensivo1portotorres.edu.it\/wp-content\/gallery\/refugees_welcome\/Refugees-welcome-9.jpg\"\n               data-thumbnail=\"https:\/\/www.comprensivo1portotorres.edu.it\/wp-content\/gallery\/refugees_welcome\/thumbs\/thumbs_Refugees-welcome-9.jpg\"\n               data-image-id=\"328\"\n               data-title=\"Refugees welcome (9)\"\n               data-description=\"\"\n               data-image-slug=\"refugees-welcome-9\"\n               class=\"shutterset_4eddb4c2d0af49626cd781425fae1d9b\">\n                <img\n                    title=\"Refugees welcome (9)\"\n                    alt=\"Refugees welcome (9)\"\n                    src=\"https:\/\/www.comprensivo1portotorres.edu.it\/wp-content\/gallery\/refugees_welcome\/thumbs\/thumbs_Refugees-welcome-9.jpg\"\n                    width=\"120\"\n                    height=\"90\"\n                    style=\"max-width:100%;\"\n                \/>\n            <\/a>\n        <\/div>\n\t\t\t\t\t\t\t<\/div> \n\t\t\t\n\t\t\t\t<div id=\"ngg-image-3\" class=\"ngg-gallery-thumbnail-box \" >\n\t\t\t\t        <div class=\"ngg-gallery-thumbnail\">\n            <a href=\"https:\/\/www.comprensivo1portotorres.edu.it\/wp-content\/gallery\/refugees_welcome\/Refugees-welcome-10.jpg\"\n               title=\"\"\n               data-src=\"https:\/\/www.comprensivo1portotorres.edu.it\/wp-content\/gallery\/refugees_welcome\/Refugees-welcome-10.jpg\"\n               data-thumbnail=\"https:\/\/www.comprensivo1portotorres.edu.it\/wp-content\/gallery\/refugees_welcome\/thumbs\/thumbs_Refugees-welcome-10.jpg\"\n               data-image-id=\"329\"\n               data-title=\"Refugees welcome (10)\"\n               data-description=\"\"\n               data-image-slug=\"refugees-welcome-10\"\n               class=\"shutterset_4eddb4c2d0af49626cd781425fae1d9b\">\n                <img\n                    title=\"Refugees welcome (10)\"\n                    alt=\"Refugees welcome (10)\"\n                    src=\"https:\/\/www.comprensivo1portotorres.edu.it\/wp-content\/gallery\/refugees_welcome\/thumbs\/thumbs_Refugees-welcome-10.jpg\"\n                    width=\"120\"\n                    height=\"90\"\n                    style=\"max-width:100%;\"\n                \/>\n            <\/a>\n        <\/div>\n\t\t\t\t\t\t\t<\/div> \n\t\t\t\n\t\t\t\t<div id=\"ngg-image-4\" class=\"ngg-gallery-thumbnail-box \" >\n\t\t\t\t        <div class=\"ngg-gallery-thumbnail\">\n            <a href=\"https:\/\/www.comprensivo1portotorres.edu.it\/wp-content\/gallery\/refugees_welcome\/Refugees-welcome-11.jpg\"\n               title=\"\"\n               data-src=\"https:\/\/www.comprensivo1portotorres.edu.it\/wp-content\/gallery\/refugees_welcome\/Refugees-welcome-11.jpg\"\n               data-thumbnail=\"https:\/\/www.comprensivo1portotorres.edu.it\/wp-content\/gallery\/refugees_welcome\/thumbs\/thumbs_Refugees-welcome-11.jpg\"\n               data-image-id=\"330\"\n               data-title=\"Refugees welcome (11)\"\n               data-description=\"\"\n               data-image-slug=\"refugees-welcome-11\"\n               class=\"shutterset_4eddb4c2d0af49626cd781425fae1d9b\">\n                <img\n                    title=\"Refugees welcome (11)\"\n                    alt=\"Refugees welcome (11)\"\n                    src=\"https:\/\/www.comprensivo1portotorres.edu.it\/wp-content\/gallery\/refugees_welcome\/thumbs\/thumbs_Refugees-welcome-11.jpg\"\n                    width=\"120\"\n                    height=\"90\"\n                    style=\"max-width:100%;\"\n                \/>\n            <\/a>\n        <\/div>\n\t\t\t\t\t\t\t<\/div> \n\t\t\t\n\t\t\t\t<div id=\"ngg-image-5\" class=\"ngg-gallery-thumbnail-box \" >\n\t\t\t\t        <div class=\"ngg-gallery-thumbnail\">\n            <a href=\"https:\/\/www.comprensivo1portotorres.edu.it\/wp-content\/gallery\/refugees_welcome\/Refugees-welcome-12.jpg\"\n               title=\"\"\n               data-src=\"https:\/\/www.comprensivo1portotorres.edu.it\/wp-content\/gallery\/refugees_welcome\/Refugees-welcome-12.jpg\"\n               data-thumbnail=\"https:\/\/www.comprensivo1portotorres.edu.it\/wp-content\/gallery\/refugees_welcome\/thumbs\/thumbs_Refugees-welcome-12.jpg\"\n               data-image-id=\"331\"\n               data-title=\"Refugees welcome (12)\"\n               data-description=\"\"\n               data-image-slug=\"refugees-welcome-12\"\n               class=\"shutterset_4eddb4c2d0af49626cd781425fae1d9b\">\n                <img\n                    title=\"Refugees welcome (12)\"\n                    alt=\"Refugees welcome (12)\"\n                    src=\"https:\/\/www.comprensivo1portotorres.edu.it\/wp-content\/gallery\/refugees_welcome\/thumbs\/thumbs_Refugees-welcome-12.jpg\"\n                    width=\"120\"\n                    height=\"90\"\n                    style=\"max-width:100%;\"\n                \/>\n            <\/a>\n        <\/div>\n\t\t\t\t\t\t\t<\/div> \n\t\t\t\n\t\t\t\t<div id=\"ngg-image-6\" class=\"ngg-gallery-thumbnail-box \" >\n\t\t\t\t        <div class=\"ngg-gallery-thumbnail\">\n            <a href=\"https:\/\/www.comprensivo1portotorres.edu.it\/wp-content\/gallery\/refugees_welcome\/Refugees-welcome_1.jpg\"\n               title=\"\"\n               data-src=\"https:\/\/www.comprensivo1portotorres.edu.it\/wp-content\/gallery\/refugees_welcome\/Refugees-welcome_1.jpg\"\n               data-thumbnail=\"https:\/\/www.comprensivo1portotorres.edu.it\/wp-content\/gallery\/refugees_welcome\/thumbs\/thumbs_Refugees-welcome_1.jpg\"\n               data-image-id=\"332\"\n               data-title=\"Refugees welcome_1\"\n               data-description=\"\"\n               data-image-slug=\"refugees-welcome_1\"\n               class=\"shutterset_4eddb4c2d0af49626cd781425fae1d9b\">\n                <img\n                    title=\"Refugees welcome_1\"\n                    alt=\"Refugees welcome_1\"\n                    src=\"https:\/\/www.comprensivo1portotorres.edu.it\/wp-content\/gallery\/refugees_welcome\/thumbs\/thumbs_Refugees-welcome_1.jpg\"\n                    width=\"120\"\n                    height=\"90\"\n                    style=\"max-width:100%;\"\n                \/>\n            <\/a>\n        <\/div>\n\t\t\t\t\t\t\t<\/div> \n\t\t\t\n\t\t\t\t<div id=\"ngg-image-7\" class=\"ngg-gallery-thumbnail-box \" >\n\t\t\t\t        <div class=\"ngg-gallery-thumbnail\">\n            <a href=\"https:\/\/www.comprensivo1portotorres.edu.it\/wp-content\/gallery\/refugees_welcome\/Refugees-welcome-14.jpg\"\n               title=\"\"\n               data-src=\"https:\/\/www.comprensivo1portotorres.edu.it\/wp-content\/gallery\/refugees_welcome\/Refugees-welcome-14.jpg\"\n               data-thumbnail=\"https:\/\/www.comprensivo1portotorres.edu.it\/wp-content\/gallery\/refugees_welcome\/thumbs\/thumbs_Refugees-welcome-14.jpg\"\n               data-image-id=\"333\"\n               data-title=\"Refugees welcome (14)\"\n               data-description=\"\"\n               data-image-slug=\"refugees-welcome-14\"\n               class=\"shutterset_4eddb4c2d0af49626cd781425fae1d9b\">\n                <img\n                    title=\"Refugees welcome (14)\"\n                    alt=\"Refugees welcome (14)\"\n                    src=\"https:\/\/www.comprensivo1portotorres.edu.it\/wp-content\/gallery\/refugees_welcome\/thumbs\/thumbs_Refugees-welcome-14.jpg\"\n                    width=\"120\"\n                    height=\"90\"\n                    style=\"max-width:100%;\"\n                \/>\n            <\/a>\n        <\/div>\n\t\t\t\t\t\t\t<\/div> \n\t\t\t\n\t\t\t\t<div id=\"ngg-image-8\" class=\"ngg-gallery-thumbnail-box \" >\n\t\t\t\t        <div class=\"ngg-gallery-thumbnail\">\n            <a href=\"https:\/\/www.comprensivo1portotorres.edu.it\/wp-content\/gallery\/refugees_welcome\/Refugees-welcome-15.jpg\"\n               title=\"\"\n               data-src=\"https:\/\/www.comprensivo1portotorres.edu.it\/wp-content\/gallery\/refugees_welcome\/Refugees-welcome-15.jpg\"\n               data-thumbnail=\"https:\/\/www.comprensivo1portotorres.edu.it\/wp-content\/gallery\/refugees_welcome\/thumbs\/thumbs_Refugees-welcome-15.jpg\"\n               data-image-id=\"334\"\n               data-title=\"Refugees welcome (15)\"\n               data-description=\"\"\n               data-image-slug=\"refugees-welcome-15\"\n               class=\"shutterset_4eddb4c2d0af49626cd781425fae1d9b\">\n                <img\n                    title=\"Refugees welcome (15)\"\n                    alt=\"Refugees welcome (15)\"\n                    src=\"https:\/\/www.comprensivo1portotorres.edu.it\/wp-content\/gallery\/refugees_welcome\/thumbs\/thumbs_Refugees-welcome-15.jpg\"\n                    width=\"120\"\n                    height=\"90\"\n                    style=\"max-width:100%;\"\n                \/>\n            <\/a>\n        <\/div>\n\t\t\t\t\t\t\t<\/div> \n\t\t\t\n\t\t\t\t<div id=\"ngg-image-9\" class=\"ngg-gallery-thumbnail-box \" >\n\t\t\t\t        <div class=\"ngg-gallery-thumbnail\">\n            <a href=\"https:\/\/www.comprensivo1portotorres.edu.it\/wp-content\/gallery\/refugees_welcome\/Refugees-welcome.jpg\"\n               title=\"\"\n               data-src=\"https:\/\/www.comprensivo1portotorres.edu.it\/wp-content\/gallery\/refugees_welcome\/Refugees-welcome.jpg\"\n               data-thumbnail=\"https:\/\/www.comprensivo1portotorres.edu.it\/wp-content\/gallery\/refugees_welcome\/thumbs\/thumbs_Refugees-welcome.jpg\"\n               data-image-id=\"335\"\n               data-title=\"Refugees welcome\"\n               data-description=\"\"\n               data-image-slug=\"refugees-welcome-10\"\n               class=\"shutterset_4eddb4c2d0af49626cd781425fae1d9b\">\n                <img\n                    title=\"Refugees welcome\"\n                    alt=\"Refugees welcome\"\n                    src=\"https:\/\/www.comprensivo1portotorres.edu.it\/wp-content\/gallery\/refugees_welcome\/thumbs\/thumbs_Refugees-welcome.jpg\"\n                    width=\"120\"\n                    height=\"90\"\n                    style=\"max-width:100%;\"\n                \/>\n            <\/a>\n        <\/div>\n\t\t\t\t\t\t\t<\/div> \n\t\t\t\n\t\t\t\t<div id=\"ngg-image-10\" class=\"ngg-gallery-thumbnail-box \" >\n\t\t\t\t        <div class=\"ngg-gallery-thumbnail\">\n            <a href=\"https:\/\/www.comprensivo1portotorres.edu.it\/wp-content\/gallery\/refugees_welcome\/Refugees-welcome-1.jpg\"\n               title=\"\"\n               data-src=\"https:\/\/www.comprensivo1portotorres.edu.it\/wp-content\/gallery\/refugees_welcome\/Refugees-welcome-1.jpg\"\n               data-thumbnail=\"https:\/\/www.comprensivo1portotorres.edu.it\/wp-content\/gallery\/refugees_welcome\/thumbs\/thumbs_Refugees-welcome-1.jpg\"\n               data-image-id=\"336\"\n               data-title=\"Refugees welcome (1)\"\n               data-description=\"\"\n               data-image-slug=\"refugees-welcome-1\"\n               class=\"shutterset_4eddb4c2d0af49626cd781425fae1d9b\">\n                <img\n                    title=\"Refugees welcome (1)\"\n                    alt=\"Refugees welcome (1)\"\n                    src=\"https:\/\/www.comprensivo1portotorres.edu.it\/wp-content\/gallery\/refugees_welcome\/thumbs\/thumbs_Refugees-welcome-1.jpg\"\n                    width=\"120\"\n                    height=\"90\"\n                    style=\"max-width:100%;\"\n                \/>\n            <\/a>\n        <\/div>\n\t\t\t\t\t\t\t<\/div> \n\t\t\t\n\t\t\t\t<div id=\"ngg-image-11\" class=\"ngg-gallery-thumbnail-box \" >\n\t\t\t\t        <div class=\"ngg-gallery-thumbnail\">\n            <a href=\"https:\/\/www.comprensivo1portotorres.edu.it\/wp-content\/gallery\/refugees_welcome\/Refugees-welcome-2.jpg\"\n               title=\"\"\n               data-src=\"https:\/\/www.comprensivo1portotorres.edu.it\/wp-content\/gallery\/refugees_welcome\/Refugees-welcome-2.jpg\"\n               data-thumbnail=\"https:\/\/www.comprensivo1portotorres.edu.it\/wp-content\/gallery\/refugees_welcome\/thumbs\/thumbs_Refugees-welcome-2.jpg\"\n               data-image-id=\"337\"\n               data-title=\"Refugees welcome (2)\"\n               data-description=\"\"\n               data-image-slug=\"refugees-welcome-2\"\n               class=\"shutterset_4eddb4c2d0af49626cd781425fae1d9b\">\n                <img\n                    title=\"Refugees welcome (2)\"\n                    alt=\"Refugees welcome (2)\"\n                    src=\"https:\/\/www.comprensivo1portotorres.edu.it\/wp-content\/gallery\/refugees_welcome\/thumbs\/thumbs_Refugees-welcome-2.jpg\"\n                    width=\"120\"\n                    height=\"90\"\n                    style=\"max-width:100%;\"\n                \/>\n            <\/a>\n        <\/div>\n\t\t\t\t\t\t\t<\/div> \n\t\t\t\n\t\t\t\t<div id=\"ngg-image-12\" class=\"ngg-gallery-thumbnail-box \" >\n\t\t\t\t        <div class=\"ngg-gallery-thumbnail\">\n            <a href=\"https:\/\/www.comprensivo1portotorres.edu.it\/wp-content\/gallery\/refugees_welcome\/Refugees-welcome-3.jpg\"\n               title=\"\"\n               data-src=\"https:\/\/www.comprensivo1portotorres.edu.it\/wp-content\/gallery\/refugees_welcome\/Refugees-welcome-3.jpg\"\n               data-thumbnail=\"https:\/\/www.comprensivo1portotorres.edu.it\/wp-content\/gallery\/refugees_welcome\/thumbs\/thumbs_Refugees-welcome-3.jpg\"\n               data-image-id=\"338\"\n               data-title=\"Refugees welcome (3)\"\n               data-description=\"\"\n               data-image-slug=\"refugees-welcome-3\"\n               class=\"shutterset_4eddb4c2d0af49626cd781425fae1d9b\">\n                <img\n                    title=\"Refugees welcome (3)\"\n                    alt=\"Refugees welcome (3)\"\n                    src=\"https:\/\/www.comprensivo1portotorres.edu.it\/wp-content\/gallery\/refugees_welcome\/thumbs\/thumbs_Refugees-welcome-3.jpg\"\n                    width=\"120\"\n                    height=\"90\"\n                    style=\"max-width:100%;\"\n                \/>\n            <\/a>\n        <\/div>\n\t\t\t\t\t\t\t<\/div> \n\t\t\t\n\t\t\t\t<div id=\"ngg-image-13\" class=\"ngg-gallery-thumbnail-box \" >\n\t\t\t\t        <div class=\"ngg-gallery-thumbnail\">\n            <a href=\"https:\/\/www.comprensivo1portotorres.edu.it\/wp-content\/gallery\/refugees_welcome\/Refugees-welcome-4.jpg\"\n               title=\"\"\n               data-src=\"https:\/\/www.comprensivo1portotorres.edu.it\/wp-content\/gallery\/refugees_welcome\/Refugees-welcome-4.jpg\"\n               data-thumbnail=\"https:\/\/www.comprensivo1portotorres.edu.it\/wp-content\/gallery\/refugees_welcome\/thumbs\/thumbs_Refugees-welcome-4.jpg\"\n               data-image-id=\"339\"\n               data-title=\"Refugees welcome (4)\"\n               data-description=\"\"\n               data-image-slug=\"refugees-welcome-4\"\n               class=\"shutterset_4eddb4c2d0af49626cd781425fae1d9b\">\n                <img\n                    title=\"Refugees welcome (4)\"\n                    alt=\"Refugees welcome (4)\"\n                    src=\"https:\/\/www.comprensivo1portotorres.edu.it\/wp-content\/gallery\/refugees_welcome\/thumbs\/thumbs_Refugees-welcome-4.jpg\"\n                    width=\"120\"\n                    height=\"90\"\n                    style=\"max-width:100%;\"\n                \/>\n            <\/a>\n        <\/div>\n\t\t\t\t\t\t\t<\/div> \n\t\t\t\n\t\t\t\t<div id=\"ngg-image-14\" class=\"ngg-gallery-thumbnail-box \" >\n\t\t\t\t        <div class=\"ngg-gallery-thumbnail\">\n            <a href=\"https:\/\/www.comprensivo1portotorres.edu.it\/wp-content\/gallery\/refugees_welcome\/Refugees-welcome-5.jpg\"\n               title=\"\"\n               data-src=\"https:\/\/www.comprensivo1portotorres.edu.it\/wp-content\/gallery\/refugees_welcome\/Refugees-welcome-5.jpg\"\n               data-thumbnail=\"https:\/\/www.comprensivo1portotorres.edu.it\/wp-content\/gallery\/refugees_welcome\/thumbs\/thumbs_Refugees-welcome-5.jpg\"\n               data-image-id=\"340\"\n               data-title=\"Refugees welcome (5)\"\n               data-description=\"\"\n               data-image-slug=\"refugees-welcome-5\"\n               class=\"shutterset_4eddb4c2d0af49626cd781425fae1d9b\">\n                <img\n                    title=\"Refugees welcome (5)\"\n                    alt=\"Refugees welcome (5)\"\n                    src=\"https:\/\/www.comprensivo1portotorres.edu.it\/wp-content\/gallery\/refugees_welcome\/thumbs\/thumbs_Refugees-welcome-5.jpg\"\n                    width=\"120\"\n                    height=\"90\"\n                    style=\"max-width:100%;\"\n                \/>\n            <\/a>\n        <\/div>\n\t\t\t\t\t\t\t<\/div> \n\t\t\t\n\t\t\t\t<div id=\"ngg-image-15\" class=\"ngg-gallery-thumbnail-box \" >\n\t\t\t\t        <div class=\"ngg-gallery-thumbnail\">\n            <a href=\"https:\/\/www.comprensivo1portotorres.edu.it\/wp-content\/gallery\/refugees_welcome\/Refugees-welcome-6.jpg\"\n               title=\"\"\n               data-src=\"https:\/\/www.comprensivo1portotorres.edu.it\/wp-content\/gallery\/refugees_welcome\/Refugees-welcome-6.jpg\"\n               data-thumbnail=\"https:\/\/www.comprensivo1portotorres.edu.it\/wp-content\/gallery\/refugees_welcome\/thumbs\/thumbs_Refugees-welcome-6.jpg\"\n               data-image-id=\"341\"\n               data-title=\"Refugees welcome (6)\"\n               data-description=\"\"\n               data-image-slug=\"refugees-welcome-6\"\n               class=\"shutterset_4eddb4c2d0af49626cd781425fae1d9b\">\n                <img\n                    title=\"Refugees welcome (6)\"\n                    alt=\"Refugees welcome (6)\"\n                    src=\"https:\/\/www.comprensivo1portotorres.edu.it\/wp-content\/gallery\/refugees_welcome\/thumbs\/thumbs_Refugees-welcome-6.jpg\"\n                    width=\"120\"\n                    height=\"90\"\n                    style=\"max-width:100%;\"\n                \/>\n            <\/a>\n        <\/div>\n\t\t\t\t\t\t\t<\/div> \n\t\t\t\n\t\n\t<br style=\"clear: both\" \/>\n\n\t\t<div class=\"slideshowlink\">\n        <a href='https:\/\/www.comprensivo1portotorres.edu.it\/secondaria-brunelleschi\/refugees-welcome\/nggallery\/slideshow'>[Show as slideshow]<\/a>\n\t\t\n\t<\/div>\n\t\n\t\t<!-- Pagination -->\n\t<div class='ngg-clear'><\/div>\t<\/div>\n\n<\/div>\n","protected":false},"excerpt":{"rendered":"<p>L&#8217;incontro con\u00a0i migranti delle comunit\u00e0 di accoglienza La Scuola Secondaria \u201cIl Brunelleschi\u201d pone da sempre particolare attenzione alle tematiche della solidariet\u00e0 e dell\u2019inclusione sociale. Nello specifico la nostra scuola organizza ormai da anni attivit\u00e0 ed eventi in questo senso, in linea e nel pieno rispetto del Piano dell\u2019Offerta Formativa. Quest\u2019anno i docenti hanno deciso di&nbsp; &nbsp; <a class=\"moretag\" href=\"https:\/\/www.comprensivo1portotorres.edu.it\/secondaria-brunelleschi\/refugees-welcome\/\" title=\"Leggi l&#180;intero articolo\">&raquo;<\/a><\/p>\n","protected":false},"author":1,"featured_media":0,"parent":1279,"menu_order":0,"comment_status":"closed","ping_status":"closed","template":"","meta":{"ngg_post_thumbnail":0},"_links":{"self":[{"href":"https:\/\/www.comprensivo1portotorres.edu.it\/wp-json\/wp\/v2\/pages\/8113"}],"collection":[{"href":"https:\/\/www.comprensivo1portotorres.edu.it\/wp-json\/wp\/v2\/pages"}],"about":[{"href":"https:\/\/www.comprensivo1portotorres.edu.it\/wp-json\/wp\/v2\/types\/page"}],"author":[{"embeddable":true,"href":"https:\/\/www.comprensivo1portotorres.edu.it\/wp-json\/wp\/v2\/users\/1"}],"replies":[{"embeddable":true,"href":"https:\/\/www.comprensivo1portotorres.edu.it\/wp-json\/wp\/v2\/comments?post=8113"}],"version-history":[{"count":4,"href":"https:\/\/www.comprensivo1portotorres.edu.it\/wp-json\/wp\/v2\/pages\/8113\/revisions"}],"predecessor-version":[{"id":8154,"href":"https:\/\/www.comprensivo1portotorres.edu.it\/wp-json\/wp\/v2\/pages\/8113\/revisions\/8154"}],"up":[{"embeddable":true,"href":"https:\/\/www.comprensivo1portotorres.edu.it\/wp-json\/wp\/v2\/pages\/1279"}],"wp:attachment":[{"href":"https:\/\/www.comprensivo1portotorres.edu.it\/wp-json\/wp\/v2\/media?parent=8113"}],"curies":[{"name":"wp","href":"https:\/\/api.w.org\/{rel}","templated":true}]}}